{"id":67,"date":"2021-09-22T16:33:51","date_gmt":"2021-09-22T14:33:51","guid":{"rendered":"http:\/\/semimarathoncouleeverte.espritrun.fr\/?page_id=67"},"modified":"2025-12-11T13:35:21","modified_gmt":"2025-12-11T12:35:21","slug":"inscriptions","status":"publish","type":"page","link":"https:\/\/semimarathoncouleeverte.espritrun.fr\/?page_id=67","title":{"rendered":"Inscriptions semi marathon de la coul\u00e9e verte"},"content":{"rendered":"\n<p class=\"has-ast-global-color-6-color has-ast-global-color-7-background-color has-text-color has-background has-medium-font-size\"><strong>Inscriptions individuelles 2026<\/strong><\/p>\n\n\n\n<p>Les inscriptions au semi marathon de la coul\u00e9e verte 2026 ouvriront le 13 d\u00e9cembre 2025. <br>Elles se feront via le site Kiklego : <\/p>\n\n\n\n<p><a href=\"https:\/\/www.klikego.com\/inscription\/semi-de-la-coulee-verte-2026\/course-a-pied-running\/1701231451239-3\">https:\/\/www.klikego.com\/inscription\/semi-de-la-coulee-verte-2026\/course-a-pied-running\/1701231451239-3<\/a><\/p>\n\n\n\n<p>2 tarifs sont mis en place (frais de transaction Klikego non-inclus):<\/p>\n\n\n\n<ul>\n<li>du 13 d\u00e9cembre 2025 au 14 f\u00e9vrier 2026 : 18 \u20ac pour les licenci\u00e9s FFA, 21 \u20ac pour les non licenci\u00e9s<\/li>\n\n\n\n<li>A partir du 15 f\u00e9vrier 2026 : 20 \u20ac pour les licenci\u00e9s FFA, 23 \u20ac pour les non licenci\u00e9s<\/li>\n<\/ul>\n\n\n\n<p>Pour les coureurs non licenci\u00e9s il vous sera n\u00e9cessaire de fournir un Pass Sant\u00e9 valide ou un PPS (Parcours Pr\u00e9vention Sant\u00e9 ) r\u00e9alis\u00e9 moins de 3 mois avant le d\u00e9but de la course : <a href=\"https:\/\/pps.athle.fr\/\">https:\/\/pps.athle.fr<\/a><\/p>\n\n\n\n<p class=\"has-ast-global-color-6-color has-ast-global-color-7-background-color has-text-color has-background has-medium-font-size\"><strong><strong>Inscriptions group\u00e9es 2026 (uniquement pour les clubs, associations sportives, comit\u00e9s d&rsquo;entreprise)<\/strong><\/strong><\/p>\n\n\n\n<p>Vous avez la possibilit\u00e9 de r\u00e9aliser une inscription group\u00e9e pour l&rsquo;ensemble de vos adh\u00e9rents <strong>(une inscription offerte toutes les 10 inscriptions)<\/strong>. Pour obtenir des codes de gratuit\u00e9 en fonction du nombre de coureurs inscrits, prendre contact par mail l&rsquo;organisateur : semidelacouleeverte@gmail.com<br><br><\/p>\n\n\n\n<p><\/p>\n\n\n\n<p><\/p>\n","protected":false},"excerpt":{"rendered":"<p>Inscriptions individuelles 2026 Les inscriptions au semi marathon de la coul\u00e9e verte 2026 ouvriront le 13 d\u00e9cembre 2025. Elles se feront via le site Kiklego : https:\/\/www.klikego.com\/inscription\/semi-de-la-coulee-verte-2026\/course-a-pied-running\/1701231451239-3 2 tarifs sont mis en place (frais de transaction Klikego non-inclus): Pour les coureurs non licenci\u00e9s il vous sera n\u00e9cessaire de fournir un Pass Sant\u00e9 valide ou un &hellip;<\/p>\n<p class=\"read-more\"> <a class=\"\" href=\"https:\/\/semimarathoncouleeverte.espritrun.fr\/?page_id=67\"> <span class=\"screen-reader-text\">Inscriptions semi marathon de la coul\u00e9e verte<\/span> Lire la suite\u00a0\u00bb<\/a><\/p>\n","protected":false},"author":1,"featured_media":0,"parent":0,"menu_order":0,"comment_status":"closed","ping_status":"closed","template":"","meta":{"site-sidebar-layout":"default","site-content-layout":"default","ast-site-content-layout":"default","site-content-style":"default","site-sidebar-style":"default","ast-global-header-display":"","ast-banner-title-visibility":"","ast-main-header-display":"","ast-hfb-above-header-display":"","ast-hfb-below-header-display":"","ast-hfb-mobile-header-display":"","site-post-title":"","ast-breadcrumbs-content":"","ast-featured-img":"","footer-sml-layout":"","theme-transparent-header-meta":"default","adv-header-id-meta":"","stick-header-meta":"","header-above-stick-meta":"","header-main-stick-meta":"","header-below-stick-meta":"","astra-migrate-meta-layouts":"set","footnotes":""},"_links":{"self":[{"href":"https:\/\/semimarathoncouleeverte.espritrun.fr\/index.php?rest_route=\/wp\/v2\/pages\/67"}],"collection":[{"href":"https:\/\/semimarathoncouleeverte.espritrun.fr\/index.php?rest_route=\/wp\/v2\/pages"}],"about":[{"href":"https:\/\/semimarathoncouleeverte.espritrun.fr\/index.php?rest_route=\/wp\/v2\/types\/page"}],"author":[{"embeddable":true,"href":"https:\/\/semimarathoncouleeverte.espritrun.fr\/index.php?rest_route=\/wp\/v2\/users\/1"}],"replies":[{"embeddable":true,"href":"https:\/\/semimarathoncouleeverte.espritrun.fr\/index.php?rest_route=%2Fwp%2Fv2%2Fcomments&post=67"}],"version-history":[{"count":44,"href":"https:\/\/semimarathoncouleeverte.espritrun.fr\/index.php?rest_route=\/wp\/v2\/pages\/67\/revisions"}],"predecessor-version":[{"id":1460,"href":"https:\/\/semimarathoncouleeverte.espritrun.fr\/index.php?rest_route=\/wp\/v2\/pages\/67\/revisions\/1460"}],"wp:attachment":[{"href":"https:\/\/semimarathoncouleeverte.espritrun.fr\/index.php?rest_route=%2Fwp%2Fv2%2Fmedia&parent=67"}],"curies":[{"name":"wp","href":"https:\/\/api.w.org\/{rel}","templated":true}]}}

Inscriptions semi marathon de la coulée verte

<p class="has-ast-global-color-6-color has-ast-global-color-7-background-color has-text-color has-background has-medium-font-size"><strong>Inscriptions individuelles 2026</strong></p>



<p>Les inscriptions au semi marathon de la coulée verte 2026 ouvriront le 13 décembre 2025. <br>Elles se feront via le site Kiklego : </p>



<p><a href="https://www.klikego.com/inscription/semi-de-la-coulee-verte-2026/course-a-pied-running/1701231451239-3">https://www.klikego.com/inscription/semi-de-la-coulee-verte-2026/course-a-pied-running/1701231451239-3</a></p>



<p>2 tarifs sont mis en place (frais de transaction Klikego non-inclus):</p>



<ul>
<li>du 13 décembre 2025 au 14 février 2026 : 18 € pour les licenciés FFA, 21 € pour les non licenciés</li>



<li>A partir du 15 février 2026 : 20 € pour les licenciés FFA, 23 € pour les non licenciés</li>
</ul>



<p>Pour les coureurs non licenciés il vous sera nécessaire de fournir un Pass Santé valide ou un PPS (Parcours Prévention Santé ) réalisé moins de 3 mois avant le début de la course : <a href="https://pps.athle.fr/">https://pps.athle.fr</a></p>



<p class="has-ast-global-color-6-color has-ast-global-color-7-background-color has-text-color has-background has-medium-font-size"><strong><strong>Inscriptions groupées 2026 (uniquement pour les clubs, associations sportives, comités d&rsquo;entreprise)</strong></strong></p>



<p>Vous avez la possibilité de réaliser une inscription groupée pour l&rsquo;ensemble de vos adhérents <strong>(une inscription offerte toutes les 10 inscriptions)</strong>. Pour obtenir des codes de gratuité en fonction du nombre de coureurs inscrits, prendre contact par mail l&rsquo;organisateur : semidelacouleeverte@gmail.com<br><br></p>



<p></p>



<p></p>

<p>Inscriptions individuelles 2026 Les inscriptions au semi marathon de la coulée verte 2026 ouvriront le 13 décembre 2025. Elles se feront via le site Kiklego : https://www.klikego.com/inscription/semi-de-la-coulee-verte-2026/course-a-pied-running/1701231451239-3 2 tarifs sont mis en place (frais de transaction Klikego non-inclus): Pour les coureurs non licenciés il vous sera nécessaire de fournir un Pass Santé valide ou un &hellip;</p>
<p class="read-more"> <a class="" href="https://semimarathoncouleeverte.espritrun.fr/?page_id=67"> <span class="screen-reader-text">Inscriptions semi marathon de la coulée verte</span> Lire la suite »</a></p>
