{"id":68,"date":"2021-09-22T16:33:51","date_gmt":"2021-09-22T14:33:51","guid":{"rendered":"http:\/\/semimarathoncouleeverte.espritrun.fr\/?page_id=68"},"modified":"2026-02-19T09:49:51","modified_gmt":"2026-02-19T08:49:51","slug":"infos-pratiques","status":"publish","type":"page","link":"https:\/\/semimarathoncouleeverte.espritrun.fr\/?page_id=68","title":{"rendered":"Infos pratiques semi 2026"},"content":{"rendered":"\n<p><\/p>\n\n\n\n<h4 class=\"wp-block-heading has-white-color has-ast-global-color-7-background-color has-text-color has-background has-link-color has-medium-font-size wp-elements-59cc86c97d1bfd59e5a0d2743af92d78\" id=\"infos-pratiques-semi-2022\"><strong>Retrait des dossards<\/strong><\/h4>\n\n\n\n<p><\/p>\n\n\n\n<p class=\"has-text-align-center has-vivid-red-color has-text-color has-medium-font-size\" style=\"line-height:1.3\">Afin de fluidifier le retrait des dossards nous vous remercions de vous munir du QRcode qui se trouve sur votre fiche d&rsquo;inscription Klikego ainsi que d&rsquo;une pi\u00e8ce d&rsquo;identit\u00e9<\/p>\n\n\n\n<hr class=\"wp-block-separator has-alpha-channel-opacity\"\/>\n\n\n\n<p class=\"has-medium-font-size\">Vous avez 2 possibilit\u00e9s \u00e0 votre disposition :<\/p>\n\n\n\n<ul>\n<li><mark style=\"background-color:rgba(0, 0, 0, 0)\" class=\"has-inline-color has-ast-global-color-7-color\"><strong>Samedi 7 mars, au Magasin Les Foul\u00e9es Amiens <\/strong><\/mark>(200 Rue du Phare du Bout du Monde, 80440 Boves)<mark style=\"background-color:rgba(0, 0, 0, 0)\" class=\"has-inline-color has-ast-global-color-7-color\"><strong>, de 14h \u00e0 18h<\/strong>. <\/mark><br><br>Vous pouvez \u00e9galement retirer le dossard pour un tiers en ayant \u00e9galement sa pi\u00e8ce d&rsquo;identit\u00e9 et son QRcode (copie papier, photo sur smartphone accept\u00e9es).<br><br><\/li>\n\n\n\n<li><strong><mark style=\"background-color:rgba(0, 0, 0, 0)\" class=\"has-inline-color has-ast-global-color-7-color\">Retrait le matin de la course (de 8h \u00e0 9h30) dans la halle des sports<\/mark><\/strong>, sur pr\u00e9sentation d&rsquo;une pi\u00e8ce d&rsquo;identit\u00e9 et du QRcode<\/li>\n<\/ul>\n\n\n\n<hr class=\"wp-block-separator has-alpha-channel-opacity\"\/>\n\n\n\n<h4 class=\"has-ast-global-color-5-color has-ast-global-color-7-background-color has-text-color has-background wp-block-heading\" id=\"rappel-des-differentes-commodites-a-disposition-des-coureurs-le-jour-de-la-course\"><strong>Commodit\u00e9s \u00e0 disposition des coureurs le jour de la course :<\/strong><\/h4>\n\n\n\n<p class=\"has-black-color has-text-color\">Vous aurez \u00e0 votre disposition :<\/p>\n\n\n\n<p class=\"has-black-color has-text-color\">&#8211; des consignes pour d\u00e9poser vos sacs<br>&#8211; des vestiaires avec douches<br>&#8211; des toilettes \u00e0 disposition au niveau des vestiaires et de l\u2019entr\u00e9e du gymnase, ainsi qu&rsquo;au niveau des vestiaires du club de foot (merci au club de foot de Salouel !).<br>&#8211; des parkings tr\u00e8s proches, stationnement possible sur l\u2019esplanade de Salouel entre la rue Jean Jaur\u00e8s et la rue Pasteur (au plus proche du d\u00e9part !!!!)<\/p>\n\n\n\n<h4 class=\"wp-block-heading has-ast-global-color-5-color has-ast-global-color-7-background-color has-text-color has-background\" id=\"sas-2022-wp-svg-icons-icon-stopwatch-wrap-b-wp-svg-icons-icon-stopwatch-wrap-b-wp-svg-icons-icon-stopwatch-wrap-b\"><strong>&nbsp;SAS<\/strong> 2026 <code><b class=\"wp-svg-stopwatch stopwatch\"><\/b><\/code> <code><b class=\"wp-svg-stopwatch stopwatch\"><\/b><\/code> <code><b class=\"wp-svg-stopwatch stopwatch\"><\/b><\/code><\/h4>\n\n\n\n<p>Afin de cr\u00e9er encore plus de fluidit\u00e9 lors du d\u00e9part, et faire que chacun puisse se caler \u00e0 son allure le plus t\u00f4t possible dans la course , sans \u00eatre g\u00ean\u00e9 par des coureurs plus lents plac\u00e9s devant eux, 4 SAS seront cr\u00e9\u00e9s.<br>Cela sera possible, car notre partenaire de chronom\u00e9trage vous permettra d\u2019avoir votre temps r\u00e9el, et c\u2019est ce temps r\u00e9el qui comptera pour votre qualification pour les CF (pour ceux qui la cherchent)<br>C\u2019est-\u00e0-dire le temps calcul\u00e9 entre votre passage au niveau de la ligne de d\u00e9part, et la ligne d\u2019arriv\u00e9e (et non pas entre le coup de feu et le passage de la ligne d\u2019arriv\u00e9e).<br>Donc aucune raison de ne pas vous placer dans le SAS adapt\u00e9\u2026\u2026. on compte sur votre comportement exemplaire! et faire que ce d\u00e9part soit le plus fluide possible!<br><br>\u27a1\ufe0f SAS ELITE : \ud83c\udfc3\u200d\u2642\ufe0fmoins d\u20191h22 \ud83c\udfc3\u200d\u2640\ufe0f moins d\u20191h40 <br>sur justificatif officiel (v\u00e9rifiable sur baseathl\u00e9))(temps sur 10 kms ou semi datant depuis moins de 18 mois) , \u00e0 adresser \u00e0 l\u2019adresse semidelacouleeverte@gmail.com, \u00e0 envoyer d\u00e9s votre inscription (pas de d\u00e9rogation le Jour J)<br><br>\u27a1\ufe0f\u27a1\ufe0fSAS 1h30 \u00e0 1h45 : pr\u00e9sence du meneur d\u2019allure en 1h30&nbsp; (acc\u00e8s sur votre bonne foi)<br><br>\u27a1\ufe0f\u27a1\ufe0f\u27a1\ufe0f SAS 1h45 \u00e0 2h00 : pr\u00e9sence du meneur en 1h45&nbsp; (acc\u00e8s sur votre bonne foi)<\/p>\n\n\n\n<div class=\"wp-block-media-text is-stacked-on-mobile\" style=\"grid-template-columns:25% auto\"><figure class=\"wp-block-media-text__media\"><img loading=\"lazy\" decoding=\"async\" width=\"1024\" height=\"540\" src=\"https:\/\/semimarathoncouleeverte.espritrun.fr\/wp-content\/uploads\/2024\/11\/red-exclamation-circle-sign-warning-danger-risk-message-alert-problem-icon-background-concept-3d-rendering-1024x540.jpg\" alt=\"\" class=\"wp-image-1327 size-full\" srcset=\"https:\/\/semimarathoncouleeverte.espritrun.fr\/wp-content\/uploads\/2024\/11\/red-exclamation-circle-sign-warning-danger-risk-message-alert-problem-icon-background-concept-3d-rendering-1024x540.jpg 1024w, https:\/\/semimarathoncouleeverte.espritrun.fr\/wp-content\/uploads\/2024\/11\/red-exclamation-circle-sign-warning-danger-risk-message-alert-problem-icon-background-concept-3d-rendering-300x158.jpg 300w, https:\/\/semimarathoncouleeverte.espritrun.fr\/wp-content\/uploads\/2024\/11\/red-exclamation-circle-sign-warning-danger-risk-message-alert-problem-icon-background-concept-3d-rendering-768x405.jpg 768w, https:\/\/semimarathoncouleeverte.espritrun.fr\/wp-content\/uploads\/2024\/11\/red-exclamation-circle-sign-warning-danger-risk-message-alert-problem-icon-background-concept-3d-rendering-1536x810.jpg 1536w, https:\/\/semimarathoncouleeverte.espritrun.fr\/wp-content\/uploads\/2024\/11\/red-exclamation-circle-sign-warning-danger-risk-message-alert-problem-icon-background-concept-3d-rendering-2048x1080.jpg 2048w\" sizes=\"(max-width: 1024px) 100vw, 1024px\" \/><\/figure><div class=\"wp-block-media-text__content\">\n<p class=\"has-text-align-center\">Toutes les demandes de <strong>SAS \u00e9lite<\/strong> doivent \u00eatre transmises par mail (semidelacouleeverte@gmail.com) avant le <strong>19 f\u00e9vrier 2026<\/strong>.<\/p>\n<\/div><\/div>\n\n\n\n<div style=\"height:100px\" aria-hidden=\"true\" class=\"wp-block-spacer\"><\/div>\n\n\n\n<p><\/p>\n\n\n\n<p><\/p>\n","protected":false},"excerpt":{"rendered":"<p>Retrait des dossards Afin de fluidifier le retrait des dossards nous vous remercions de vous munir du QRcode qui se trouve sur votre fiche d&rsquo;inscription Klikego ainsi que d&rsquo;une pi\u00e8ce d&rsquo;identit\u00e9 Vous avez 2 possibilit\u00e9s \u00e0 votre disposition : Vous aurez \u00e0 votre disposition : &#8211; des consignes pour d\u00e9poser vos sacs&#8211; des vestiaires avec &hellip;<\/p>\n<p class=\"read-more\"> <a class=\"\" href=\"https:\/\/semimarathoncouleeverte.espritrun.fr\/?page_id=68\"> <span class=\"screen-reader-text\">Infos pratiques semi 2026<\/span> Lire la suite\u00a0\u00bb<\/a><\/p>\n","protected":false},"author":1,"featured_media":0,"parent":0,"menu_order":0,"comment_status":"closed","ping_status":"closed","template":"","meta":{"site-sidebar-layout":"default","site-content-layout":"default","ast-site-content-layout":"default","site-content-style":"default","site-sidebar-style":"default","ast-global-header-display":"","ast-banner-title-visibility":"","ast-main-header-display":"","ast-hfb-above-header-display":"","ast-hfb-below-header-display":"","ast-hfb-mobile-header-display":"","site-post-title":"","ast-breadcrumbs-content":"","ast-featured-img":"","footer-sml-layout":"","theme-transparent-header-meta":"default","adv-header-id-meta":"","stick-header-meta":"","header-above-stick-meta":"","header-main-stick-meta":"","header-below-stick-meta":"","astra-migrate-meta-layouts":"set","footnotes":""},"_links":{"self":[{"href":"https:\/\/semimarathoncouleeverte.espritrun.fr\/index.php?rest_route=\/wp\/v2\/pages\/68"}],"collection":[{"href":"https:\/\/semimarathoncouleeverte.espritrun.fr\/index.php?rest_route=\/wp\/v2\/pages"}],"about":[{"href":"https:\/\/semimarathoncouleeverte.espritrun.fr\/index.php?rest_route=\/wp\/v2\/types\/page"}],"author":[{"embeddable":true,"href":"https:\/\/semimarathoncouleeverte.espritrun.fr\/index.php?rest_route=\/wp\/v2\/users\/1"}],"replies":[{"embeddable":true,"href":"https:\/\/semimarathoncouleeverte.espritrun.fr\/index.php?rest_route=%2Fwp%2Fv2%2Fcomments&post=68"}],"version-history":[{"count":34,"href":"https:\/\/semimarathoncouleeverte.espritrun.fr\/index.php?rest_route=\/wp\/v2\/pages\/68\/revisions"}],"predecessor-version":[{"id":1511,"href":"https:\/\/semimarathoncouleeverte.espritrun.fr\/index.php?rest_route=\/wp\/v2\/pages\/68\/revisions\/1511"}],"wp:attachment":[{"href":"https:\/\/semimarathoncouleeverte.espritrun.fr\/index.php?rest_route=%2Fwp%2Fv2%2Fmedia&parent=68"}],"curies":[{"name":"wp","href":"https:\/\/api.w.org\/{rel}","templated":true}]}}

<p></p>



<h4 class="wp-block-heading has-white-color has-ast-global-color-7-background-color has-text-color has-background has-link-color has-medium-font-size wp-elements-59cc86c97d1bfd59e5a0d2743af92d78" id="infos-pratiques-semi-2022"><strong>Retrait des dossards</strong></h4>



<p></p>



<p class="has-text-align-center has-vivid-red-color has-text-color has-medium-font-size" style="line-height:1.3">Afin de fluidifier le retrait des dossards nous vous remercions de vous munir du QRcode qui se trouve sur votre fiche d&rsquo;inscription Klikego ainsi que d&rsquo;une pièce d&rsquo;identité</p>



<hr class="wp-block-separator has-alpha-channel-opacity"/>



<p class="has-medium-font-size">Vous avez 2 possibilités à votre disposition :</p>



<ul>
<li><mark style="background-color:rgba(0, 0, 0, 0)" class="has-inline-color has-ast-global-color-7-color"><strong>Samedi 7 mars, au Magasin Les Foulées Amiens </strong></mark>(200 Rue du Phare du Bout du Monde, 80440 Boves)<mark style="background-color:rgba(0, 0, 0, 0)" class="has-inline-color has-ast-global-color-7-color"><strong>, de 14h à 18h</strong>. </mark><br><br>Vous pouvez également retirer le dossard pour un tiers en ayant également sa pièce d&rsquo;identité et son QRcode (copie papier, photo sur smartphone acceptées).<br><br></li>



<li><strong><mark style="background-color:rgba(0, 0, 0, 0)" class="has-inline-color has-ast-global-color-7-color">Retrait le matin de la course (de 8h à 9h30) dans la halle des sports</mark></strong>, sur présentation d&rsquo;une pièce d&rsquo;identité et du QRcode</li>
</ul>



<hr class="wp-block-separator has-alpha-channel-opacity"/>



<h4 class="has-ast-global-color-5-color has-ast-global-color-7-background-color has-text-color has-background wp-block-heading" id="rappel-des-differentes-commodites-a-disposition-des-coureurs-le-jour-de-la-course"><strong>Commodités à disposition des coureurs le jour de la course :</strong></h4>



<p class="has-black-color has-text-color">Vous aurez à votre disposition :</p>



<p class="has-black-color has-text-color">&#8211; des consignes pour déposer vos sacs<br>&#8211; des vestiaires avec douches<br>&#8211; des toilettes à disposition au niveau des vestiaires et de l’entrée du gymnase, ainsi qu&rsquo;au niveau des vestiaires du club de foot (merci au club de foot de Salouel !).<br>&#8211; des parkings très proches, stationnement possible sur l’esplanade de Salouel entre la rue Jean Jaurès et la rue Pasteur (au plus proche du départ !!!!)</p>



<h4 class="wp-block-heading has-ast-global-color-5-color has-ast-global-color-7-background-color has-text-color has-background" id="sas-2022-wp-svg-icons-icon-stopwatch-wrap-b-wp-svg-icons-icon-stopwatch-wrap-b-wp-svg-icons-icon-stopwatch-wrap-b"><strong>&nbsp;SAS</strong> 2026 <code><b class="wp-svg-stopwatch stopwatch"></b></code> <code><b class="wp-svg-stopwatch stopwatch"></b></code> <code><b class="wp-svg-stopwatch stopwatch"></b></code></h4>



<p>Afin de créer encore plus de fluidité lors du départ, et faire que chacun puisse se caler à son allure le plus tôt possible dans la course , sans être gêné par des coureurs plus lents placés devant eux, 4 SAS seront créés.<br>Cela sera possible, car notre partenaire de chronométrage vous permettra d’avoir votre temps réel, et c’est ce temps réel qui comptera pour votre qualification pour les CF (pour ceux qui la cherchent)<br>C’est-à-dire le temps calculé entre votre passage au niveau de la ligne de départ, et la ligne d’arrivée (et non pas entre le coup de feu et le passage de la ligne d’arrivée).<br>Donc aucune raison de ne pas vous placer dans le SAS adapté……. on compte sur votre comportement exemplaire! et faire que ce départ soit le plus fluide possible!<br><br>➡️ SAS ELITE : 🏃‍♂️moins d’1h22 🏃‍♀️ moins d’1h40 <br>sur justificatif officiel (vérifiable sur baseathlé))(temps sur 10 kms ou semi datant depuis moins de 18 mois) , à adresser à l’adresse semidelacouleeverte@gmail.com, à envoyer dés votre inscription (pas de dérogation le Jour J)<br><br>➡️➡️SAS 1h30 à 1h45 : présence du meneur d’allure en 1h30&nbsp; (accès sur votre bonne foi)<br><br>➡️➡️➡️ SAS 1h45 à 2h00 : présence du meneur en 1h45&nbsp; (accès sur votre bonne foi)</p>



<div class="wp-block-media-text is-stacked-on-mobile" style="grid-template-columns:25% auto"><figure class="wp-block-media-text__media"><img loading="lazy" decoding="async" width="1024" height="540" src="https://semimarathoncouleeverte.espritrun.fr/wp-content/uploads/2024/11/red-exclamation-circle-sign-warning-danger-risk-message-alert-problem-icon-background-concept-3d-rendering-1024x540.jpg" alt="" class="wp-image-1327 size-full" srcset="https://semimarathoncouleeverte.espritrun.fr/wp-content/uploads/2024/11/red-exclamation-circle-sign-warning-danger-risk-message-alert-problem-icon-background-concept-3d-rendering-1024x540.jpg 1024w, https://semimarathoncouleeverte.espritrun.fr/wp-content/uploads/2024/11/red-exclamation-circle-sign-warning-danger-risk-message-alert-problem-icon-background-concept-3d-rendering-300x158.jpg 300w, https://semimarathoncouleeverte.espritrun.fr/wp-content/uploads/2024/11/red-exclamation-circle-sign-warning-danger-risk-message-alert-problem-icon-background-concept-3d-rendering-768x405.jpg 768w, https://semimarathoncouleeverte.espritrun.fr/wp-content/uploads/2024/11/red-exclamation-circle-sign-warning-danger-risk-message-alert-problem-icon-background-concept-3d-rendering-1536x810.jpg 1536w, https://semimarathoncouleeverte.espritrun.fr/wp-content/uploads/2024/11/red-exclamation-circle-sign-warning-danger-risk-message-alert-problem-icon-background-concept-3d-rendering-2048x1080.jpg 2048w" sizes="(max-width: 1024px) 100vw, 1024px" /></figure><div class="wp-block-media-text__content">
<p class="has-text-align-center">Toutes les demandes de <strong>SAS élite</strong> doivent être transmises par mail (semidelacouleeverte@gmail.com) avant le <strong>19 février 2026</strong>.</p>
</div></div>



<div style="height:100px" aria-hidden="true" class="wp-block-spacer"></div>



<p></p>



<p></p>

<p>Retrait des dossards Afin de fluidifier le retrait des dossards nous vous remercions de vous munir du QRcode qui se trouve sur votre fiche d&rsquo;inscription Klikego ainsi que d&rsquo;une pièce d&rsquo;identité Vous avez 2 possibilités à votre disposition : Vous aurez à votre disposition : &#8211; des consignes pour déposer vos sacs&#8211; des vestiaires avec &hellip;</p>
<p class="read-more"> <a class="" href="https://semimarathoncouleeverte.espritrun.fr/?page_id=68"> <span class="screen-reader-text">Infos pratiques semi 2026</span> Lire la suite »</a></p>
