{"id":70,"date":"2021-09-22T16:33:51","date_gmt":"2021-09-22T14:33:51","guid":{"rendered":"http:\/\/semimarathoncouleeverte.espritrun.fr\/?page_id=70"},"modified":"2021-09-24T10:42:31","modified_gmt":"2021-09-24T08:42:31","slug":"photos-2018","status":"publish","type":"page","link":"https:\/\/semimarathoncouleeverte.espritrun.fr\/?page_id=70","title":{"rendered":"Photos 2018"},"content":{"rendered":"\n<p class=\"has-ast-global-color-5-color has-ast-global-color-7-background-color has-text-color has-background has-medium-font-size\"><strong>Photos \/ Vid\u00e9os Jean-Pierre Battez <\/strong><\/p>\n\n\n\n<div class=\"wp-block-columns is-layout-flex wp-container-core-columns-is-layout-1 wp-block-columns-is-layout-flex\">\n<div class=\"wp-block-column is-layout-flow wp-block-column-is-layout-flow\">\n<p><a href=\"https:\/\/photos.google.com\/share\/AF1QipNG2mV-0aWnkRfJeupt6Dbb7SrSn67XtS4CQIOAeFKTyBeaLUKXebYjsCrb5EnhuA?key=Zk1lQml3WjNoWVctY0RnQ3BNZmphSmM2OW9IN1Jn\" target=\"_blank\" rel=\"noreferrer noopener\"><strong>3\u00e8me km <code><b class=\"wp-svg-images images\"><\/b><\/code><\/strong> <\/a><\/p>\n\n\n\n<p><a rel=\"noreferrer noopener\" href=\"https:\/\/photos.google.com\/share\/AF1QipNPFZGgJb86cX0p6dc0twT_IW7ZwkwyddFLaXJ_TlSMosz_Vo0Qc9Gb4DZa-RjWJA?key=amtMRUQ0VUJkS1plb1RycEZjYVNxNUJ3SG55YTlB\" target=\"_blank\"><strong>19\u00e8me km 1\u00e8re partie <code><b class=\"wp-svg-images images\"><\/b><\/code><\/strong> <\/a><\/p>\n\n\n\n<p><strong><a rel=\"noreferrer noopener\" href=\"https:\/\/photos.google.com\/share\/AF1QipO6svOtd4qNcQ9r5MlZaFW08VCqkm2anNzM2Sc0JcKWKQi9yUVjpztoN9HMCrcWPA?key=eEdUbjVEWjl3WlBhbWkzY05rZ3NzNEJuWGRGeER3\" target=\"_blank\">19\u00e8me km 2\u00e8me partie <code><b class=\"wp-svg-images images\"><\/b><\/code><\/a><\/strong> <\/p>\n<\/div>\n\n\n\n<div class=\"wp-block-column is-layout-flow wp-block-column-is-layout-flow\">\n<p> <strong><a href=\"https:\/\/www.youtube.com\/watch?v=Yhq25URdv9w\" target=\"_blank\" rel=\"noreferrer noopener\">3\u00e8me kilom\u00e8tre <code><b class=\"wp-svg-film film\"><\/b><\/code><\/a><\/strong> <\/p>\n\n\n\n<p> <a href=\"https:\/\/www.youtube.com\/watch?v=UfSDZj3T1_s\" target=\"_blank\" rel=\"noreferrer noopener\"><strong>19\u00e8me kilom\u00e8tre <code><b class=\"wp-svg-film film\"><\/b><\/code><\/strong> <\/a><\/p>\n<\/div>\n<\/div>\n\n\n\n<p class=\"has-ast-global-color-5-color has-ast-global-color-7-background-color has-text-color has-background has-medium-font-size\"><strong>Photos Adilio photo&rsquo;s<\/strong><\/p>\n\n\n\n<div class=\"wp-block-columns is-layout-flex wp-container-core-columns-is-layout-2 wp-block-columns-is-layout-flex\">\n<div class=\"wp-block-column is-layout-flow wp-block-column-is-layout-flow\">\n<p><strong><a href=\"https:\/\/www.facebook.com\/media\/set\/?set=ms.c.eJxNWFmuJDEIu9GIsHP~%3Bi40Kvzgt9RdKETDGkNZTmtUdOtmW9k8~%3BQ58Tk~_Y182eQ9DQ5ceoaak~_0DT~%3Bp74RfHzV2PkOGXEPY98nk4QldQ~_ufDz2~_14rwlnUawsDwSd1Paqw39MNbUj6DdtOwoecNvcbPfiLX0J1I~%3B8Yh7UjuOe2N1JMn6vvk3Fz62EJ4zo1URhePJoRHNzBLxpHAg5HWxqHFOGav7cNPqjYX8XutzN5SxEMVqLMugsCcECK5usn18Q3sSNIge6L8XbuRGiFE~_vpK2RtHjD5MJy1E~_zqNrYvMzbYn9sRhpJGbi8Z1OiBdP9L5RvoCG0B4eEsuxypYF~%3BC0Lk9rBqHzhIjAh9MAWh6WQUDccxj6IPSgoWEgP2RQbF4rqEv90GGdijL02PSfDzRhswkPWFiPhSoLEFkoiuSUhoM4lD4KtXUyqMBTYWBm69SbBnRDX8LoQSntnUD1nYj5Jtdk8olBXYIcM5COhtrQpW7oqtv7FiRugetETFGoYqFOrxhIsm8HYhDkB3hqw09mKSVBPNBz9XpOamt75aKPgafO6tc2kFXScPaT23OfASfIZAe1X0cthiHk2Cw~%3BQoSdfeDjfXKWMJns21OQYDI5UEqlwih8KOOAWp6nlgotVDYy6FDOvjWFYZ5hI6UmtyOXYr84IEwqrm~%3BoZQw9ELre0BXjhCOpdkR9PnhL4BZqUCPbYradAsN5hv3kFrs6Ubm~_caiu0iUlx6CFcSWnfUdQtV3iKvCwi0crRoFwFGwzyDmhdLo~_huSPs5H~_kH~%3BT~%3BWKhj4SP~_4mj5w57rlcMpCgGtbpeQV2PXsMjzPf7bnmd7Uj~%3BFqqzz~%3BqgIVZhiph27UiS5kjyLZQ7p2nbp0H1FKZi0~%3BdhLrmG6mso5NIvl4DBCNCW0pN9GwBIHkArwfU2lMAt2a9yhcrRB2TLKFshqEu~%3BOL7O9sO61I6kcvIjIxcxKoxjERAuAoqlxrjUaAUMty6mG5gyOc1EoSh9S6pvt7nXJopNJlfLBna3i66J5QdPhKCU~%3BkiHW1i5WNmqpGwpDPMMgTIwjt4tp5ydHQpMiUeNIY4XWMNATBHHD4Pmq628ygVGkpG4gdlAtexAAyULpTuzPe~%3BMbkNt9dW2V~%3BmPsgwb6aE4fmqxTnmiBiBzvoSvoeQa2nyTc3bUkk6GpPPdg9y5B~%3Bksx1wZeh5wnQb0vrH3FSwcsvCbC5vcBcjOslBzaEDv2zuxvR9D6VOHgScAYTwIMRuUq4JhZisjNYijUhxt8TjqT2Bxgm1qkHHl5mjbltXD5EC6IOl0lmOp7Dm8Pc59e7SDMP7wKNzCQjmm~_nEm14t6GFGHbA1ly4B614sDZXh9CwbxMdKKOWecczYAWRkpBt9TGIeMN9XBvSGwz7D7qXN6OBArIuaQnEPJ8V4I3XgCrwInHbyhDpRgL~_g6SeeA8DwIwQ8~%3BP226PrhaR~_y~_buwXbyh~%3BvkmIE8OOsoYmU1B8IRT7cbpdSYWJhGxxiMc5GK~_UCzw0XZ6hcC0~%3BKTh9o6A2OePcTxc08mGkAlFiYL2y9QiTeEjYXfK~_BWVvIabpe4sSj0xdH1SHFOjHGzibnAyTS0CohDAPPvkZFg2nlw65pZRhKRPpx0s~%3BoacU6cgBQByvu~%3BS68aGZ2KW0n~%3BQJDIzDEDrbNA2BPR~_~_hdKXHMivJH8huWZydRbC81AvjEYyKLGyDFeWhH4o9SMxcJoDJwe3MPTaZ3UFI60VWGkKbB2DgXNOgSlvqcRS83ap1XVp0qGwKAYXxa8iuzrxE8x951RvvBqFr8ZGZws7u~%3BcpKsXKtWBGcao3ppi~%3BKeZbW6mbbeMZKZxiXYuHvRPYHI2bY6PVjdRuoC7Eo~%3Bel5YcvLbwsnC~_LxpNH3ga7uYmU0UfgWjbytxh~_J~%3BgCHt3BZ1TcBh2KdBiDD~%3B7ZNatBNmTQoFD5s3wjDq74s2NNkmOtseW8BhrZyhlf8~_Oxt5BB47iW2Y6gtvJODE5cTCe2lMkH3hwU6iV3loVmD1Pkwm1rdImbFOnZ9Ervs3oEhIl6ACGX8wDCLXyaz~_4wNnczGNk~%3BEUr5J8LUikHef~%3BL6U5c1MHTMW73S9y1fn1O26YhteygFFn~_YyfvDbKC4b3WaFpzgJ7v22HDtmV3gJbjAD8QgmnFApOOK9AhyifMQSyDGQiVyeT527kskAcKyqXfZHIGOnXoGg~_Glj0I9CAPpK2~%3BBE~%3BAkfTiuNV6L3n~_L0QScDnPxVf5DhRk41ed0n4DWl1Ij~_1qz5mI0A4CeU8zs0~%3BUfHVqYSA~-~-.bps.a.2172678282968420.1073742882.1424461334456789&amp;type=1\" target=\"_blank\" rel=\"noreferrer noopener\">1\u00e8re partie <code><b class=\"wp-svg-images images\"><\/b><\/code><\/a><\/strong><\/p>\n\n\n\n<p><a href=\"https:\/\/www.facebook.com\/media\/set\/?set=ms.c.eJxNWsmtJTEIzGhkMGCcf2Kjrvou3hWZfafb7XjvddpvbjvrnxNw1y277fEHMPPyrqirFxco8QBW6wOs7geIBsreD7APUMyGBrhYPsABSi6hmOHFAPyAaMaw~%3BV6cASyjYEcoCYCLRhyg1BkueLGP5MCLHkBfsL3~_UA7UX7LHPjCQrwdw6rIlegRe2BbKguhlT~%3BTI7Tf93NSLTzC~%3B0mVXfCiZz1Fx~%3BANESLCiYGf8QtHtvXAHSo0uvmig57kd5KJwcBpoyR5JOXb~_BAxopLx~%3BiZISfS~%3BoYu~_FZwNwh8uCxc6LDyeXEhcrEm0RjQKNJeWW40XUM9BtGMhKnmNYyi~_~_ER~%3BLfgBgKxP6Lr4QlzwUfSQFlxLb3YigdElqlHTL6sFsWCblKJhNvkCOM66kpDYvDhLobAUMtc3R9tIeWTIQMuqIRmQw6BSFsWExuSFqI3DlufxCKP14DdsP0BOWRaL9iLqDxlZ8hCWIlgQ7zIZQIrMGHdWgXbBHxqQYjFx7YswZYzW6QLCV4xewlbbOcrEmxQ582xOFzXyR5~%3BYh0fOIBgFHgG3g4iWbWlDbxyUcoR0K~%3Bt2XJrzzAgCp70ltlVFx6IYjNyzmi8kNTcEqx~_ogqpq8i4De4zk6ewKXsb4VDk7PKaQQ210u7~_9LXeSoSIZUyabGsNw18cGi9F7sSGa2BGuUz3Uf0TyI5B3vxRfIH~_D4qA~_2Ej0Tkq79JL2o2lmq2rVQpSoU67mIIhrshFP5g10s1MWSNM7QcLzYrRdFGiZdgrqc0WUREEMDKOmSg77dQxSAGi6HKCqOX~%3B~_66SkTln0lJ2~_JrRGlhIJ~_m1ftNantHm29WQyWAEFJXwTVJg1ldrFcTBdL22T7Z7Fw5H7XC~%3B5Y~_RHNqae165PDj4x8DrV9KOiNaVcFtgzF0W~%3BJ2UZnq60dxocSKFmUtkTv9QV~%3BTs7VAtG9SihQrtQ8y4smlMWSzh6rXwadimMv5FyEgq7J5VXc2PtzVLr6~%3BjcGfVzOj7MBUNkqoxtUlNqoi0rwcVQYU3s9G2xttD2MIAV~%3Br0N7PKv7Qp9bI1ghYDxyJKXFBLhfimUr9~_vAHjm~_ZXEsFceipC5Ji8NEqp7W5oujF8FYV~_mrBlvFR~%3Bg3KlnXVRTSQFsGqiQNjZKHvu3n2zgYSCwn51i1fbKh6Jc3TESgKKW9ohQBI9t5Ro4VX~_PrFqBQPq1e~_Yx1Ai9Cha1Y2FRhmvNHKBz6bHhuPW3P~%3BlBCVTtOg635A3wV~%3BLPHs3o0epSF0tQgmJsEq~%3Bup3~%3B7aSbjTpq97RNPqS1ZfSW2fs2PTc~%3B48h3b7CdbPhFxXWr0yCjUo7rN6bNvwrZydG4DdJqJJ9SV6QDBXUSr0qPZr42zIoRdJwBZgGwx0twRbG5572RDZdGWJLSb6VmbHQTe1kF8Kvo37fBuXoteP6ABcueG4ISz9jNW~%3BF5oMPmSi~%3BAgGXV7ARG3oonUF48en~%3Blskor8g6zhrjbag8Ta~_CIcrLfcQBduQYCh9ptIXvSjpUYrRQDYGagT~%3BJNAJRvLbtKJ3g~_ir63ELRMtEFLtHaOqLi5w7Vzl3i4AYq8Mee~_yBzI5WZncxtN8gEF2QY7ckvQ3l3vgVnzWRUXJ2Q9J~_O2F0I9bXC6lc~_0vkSHG5DvVVLT8aCCmXHBcmXP4k~%3BZa1D7Am6FDHIgVYECxl0~_NG78uVjFON59F1oJwMdB3xUSX1meomSRsLTS9FIftLTH~_5WEVtv5n~%3B0xYAtcaLwci2BqM6rLhTk9lOctpJs0f5tCROF1p56h6ivB512OdSfe4sorx6ug9bY2uEO0a2z7f7cCAxDSTHLgFPjrOJovn0YAzM1hh4At1jKj~_L0lVR2oeT9BxVaPUrq~_8TZKs14SSbhU4EJympZv7DYTM0bJ7afCEDFWm0aHDW7tGFtwsbEx5abMlija4eJeWayulUcS67WA~_AM4z2l16LL55gzYVmtoJ2AlwAnipC3m9a~%3BcjqKMKdM3w3rl~_~_JceXZGV3aXZozmNnGjCOGa5uupv73Na01bxtLQ3ffWDkpbmwGx25rmg0nD2zZXPWnktNXxi5tJrfBYutNTSKNHxoEGULBWG5dcq6bOL3NfF9F1G00FyuGlUDIA1lw3UC7AcAooqxu6mLxvNv7P6IKuguToyuhrNvEGUJJUhUsX6TNPbQoKTaKy9Cu~_9wKeRc~_ayRyAbXAeDyiOBqJ2thm3ctEpeO8rFHg23eAcAeruK4FhIojwDGSekOAJ3wqgGvtYmi4Qq7emr1~_gDgogFtbXKJHy4AaEJZwV1MJXixwvirMLGKgg2NxItpFqs4sI4ch0SXiF5IqgvJh4IXI~_nlsKlR0jhutMYNW~_Riw4WCqYvZAtF4a0KYke1b38K4Z5ta0rf~%3BfwA1T3PS0LDJU7jrFB7GoTdGUk6wRxOscRxVlQrDdOGm5mkowX2GRqKgxMiB06~%3Br9BvGPWrJ~_4Z1tk~_IKHeg0Fj8NfTvhWZta9pDIfVtoR9RrTxOIx8Z2bkjq459KNwbfhYrblpPUsc5rEvO~%3BsL~_A7ReFC8CqUVzowRvTdK847ruuME7buuOG47Df1dpGclLoqJxMF3c8~%3BMCgJGDlV~%3BTxQcgUSnH9W0mR~_dQU4OCfd9uDgqsrpIT3lzvNVo7m~_deWopwyTOts8HvDanvDbFpwpTom5PSnSMCt1eX~_pulzyUH7~_um0em7OxAgojRhDo0sArQDcWl2F1FKOuVic0Dz4YLZ4VvoBgCimnE3R9rUSLsxbKYrX4J935RRG4cZa2X213A~%3BQOkF~%3BdISPRZXc83rwbPL7B6Bc~%3Bq3vT8AFqvULPUBvheh~%3BRbOtW881gsEfyrFIijHGhRYvbXxRfBEcAdgRHmBG2l8IQCO5Z8ZHqCQpmaSg1afohTMhnN~_aBCgfY5Loq4Kkfim1TFu4ISyRo6mHFpFv4b8vegfGuAiZ6eRqE57ic~_CrW8434cz0FDD4ZU2daWN5LK6lVHJ8jk7UKJqW6lKJS8kS27IxqalKSeSNXmOGZiaOpciKHkh0UeMSK5ee9geHgBULZO9YY89WHJmKUoMNTZ7dl7SGDm4I2~%3BFaV6KLuVq8Yig4ljFF~%3BZz7gBR14mAi~_aVXwpzUFzXvs8t~_io~_io6aolSsdFNhCiO~_5c9OyAOArix1KKlKDrcTi7k74Ez5rYrvBe64MX2~%3BuGfrM8e3zkKOd4SMC1eeKxOe5m3rnUujuVYfzWOXJ5Op61wkTItEdHCtPpIUp99epX0~%3BSVT7~%3BuWBaNrapaOmi12MCueqsN3EjjzH8otjqLm6aV8SVZHuy9uFuullHZvmeTFMmA~%3BbQwPppnRRxr8bzwNggg1NsN9VB1w0XVzs2ecqpC79kvLLPbTp~_KUpx7N6Lp7UfO4f~_EQRmQLgo5~%3B9~_JaXCZ~%3BTDUrOd~_J6KItyvHUll~%3BGo8rr6R~%3BQTXQeiXN9xyE6~%3BwpYLM8zpZ~%3BWvCgDwQioX~%3BkQwdcJcSPXTIwd92y0uPGXp7PKp9b3Q59qvxAHlBUwuOqq32LKw2cv9tEXRX7P4yimJ5nApdIQnhzHWY~_vFphxvjUxOW0dx~_gkGtgM4tPpr82k4RJyTPy8ounTBEhAxNv2uJV~_LeiY0dLHQ9~%3B1cF0bWiTFX0R7vOvp1E6qfAwCNl6bp~_FQS~_~_X~_d14CUXHhsGnKl2~%3BnBMpbaL7DIFHOmBCAUT8ObRpjDwBckhaNPKFd8Eu6~%3BMKereb5tU2ghORoAvYAwGVfcbkIuiOizrxdS1wu4~_OdS5NfzU1fzXHyh8VaNJBRe8tA~_LQYuiqkJy0mwZzhoLtlOofNte5~%3B6Xt2Cg~-~-.bps.a.2172830646286517.1073742883.1424461334456789&amp;type=1\" target=\"_blank\" rel=\"noreferrer noopener\"><strong><strong>2\u00e8me partie <code><b class=\"wp-svg-images images\"><\/b><\/code><\/strong><\/strong> <\/a><\/p>\n<\/div>\n\n\n\n<div class=\"wp-block-column is-layout-flow wp-block-column-is-layout-flow\">\n<p><a href=\"https:\/\/www.facebook.com\/media\/set\/?set=ms.c.eJxNksFtQDEIQzeqgAQD~_y9WfWhMr08OtiGmYQmUw9Iy8WMNvOQDVUqgVrfg8YBXg6w~%3BAPgHPA9BDOCMKwXFiUtQDeAPhMLyiApto3PkPhnFlX3SMy5t47btusQdhaziA7ZAshXy6kO9FcVyigHJGdM2aKuTFP~_SfooQbiyn~%3BqEip4swh40td~_ppcwbmKO1D1T6ZYJkL~_olzp5VzOdmtN~_BQr~_hg~_pLiVM~_49sB0Abvgnlac3P~%3BRM4z78PlBRwmsk~_INdZfJweg~_9Z1tZYKtLea2~%3BA6QbBeewX3ackGOccn8BZdtmQY~-.bps.a.2172865389616376.1073742884.1424461334456789&amp;type=1\" target=\"_blank\" rel=\"noreferrer noopener\"><strong><strong>3\u00e8me partie <code><b class=\"wp-svg-images images\"><\/b><\/code><\/strong><\/strong> <\/a><\/p>\n\n\n\n<p><a href=\"https:\/\/www.facebook.com\/media\/set\/?set=ms.c.eJxNWFeuZTEI29EoQGj739jo4BvzfhG9GBKVNMsT0R5et~%3B7pEMxDq6taHyFPqKmKPMLHYqo3fgS5~_hGu9Y9wsrW6JR5Bzh3CvY~_jAhy6hPFDnx~%3Bi9RHSacXtEzntT6R9RIRmy6HU6FiOjsjnestHcH0cqjJKNUmoLxbzx3HPBCf5rBgy5syYgOMuR4LDyHHh2DEmOZFkYSzQUYylG4SXILGJNmlFbUTsMskysYjlJmgIjOWkotjMOjwteqp6P0L0YXCFyh26jnYw2UKNp8zpCRS7XrFtklz9khxV9olE~%3B8xG3~%3BOJ2ClyKDiYD~%3B0y1qpCkemPjlgCdBwSGhxsGBvX3WWttEcc0yfiMWbVSZhO1leXqJ4km79YOg5E6FjA06KVBkcvQcbsy1hUJ5QuB2JxxoIBsjdAH8foEIaPMQ2hH8chYuQY1zXpet4RObkio~%3BS8aFtkOJJ~_COoSy2EQoVlpcDCnWbCyfoDjkKNmsjWY9ZoyeC~_hQaAIShnM2GDJx0FPkVP9w4F2kG2HCd8v58UwDcm2VLSlLgHVJ1ycI1DK4IAfsTN3Bi09WShNcBALz6BUHyqVMaucyiMj4kERQcaMsQhcb4qootd3gOAH8fTcg2gvc4rmv8y6YcSSIph95~_wfhxWllXuh9JADGNSLDgp0WKVYFgt9F9Hai1YCyF8vWpHBjxsEWAkQHoeO2a9Uj5AgJHdDTDvkpdKElSQBKbxM4VeF4SAmZ4FAtAR85sInin1ZbFGY3VhMQFiQxmpcK4YEHfoBdDhOKz21NeZUz~_TDGIue0XG4olVglitJBcEZ9z5yyqlMs8Lep8hs5GpuZAlEK0R~_tIMzQTYgXf1AOjVQF4avMYNsuhwz~_ybPMcX2UPa6YcSUfWpn9lxQxM50chxyCDjOcjR0MOuFBBkbBhdK7oVSyHrzQukDDha7DXXhej0IrhiczXgcYfh3zEYuARuZKfwa8iPwuNLbKAMJBQ5OpTZKyaZTXBfK68KwxJVL3ASFMlZOocPZDkA6JdKZTfi~_ex8AqwRYq8T5RcKspKpcjjMETrYVOPaEq4m2OJU2V18Vrz5rXLD~_ggv0uu351fBDntJ7YOUuAUrZ6xc3TOlyNO7CZ~_XKAUFImPEogrTjVDjvVMicy1GKN13OqJdz1N3GyuHFdmM6~_fL4vpio4kTFFFuKxc4B2Nrb0nGvLxjk7H1Xmq2ZKElOVA0El63S2beySPd54eGHGJRz9JYz6zE8tWAQg1LSRKkESF82f2I1KldjofkPm79t~%3BAhiYViOUj41AlOpnMoLXBd20IXrl65fQxdKkSDgYDtgVwq3xzVc9HwlXSzPm1soBYGl9AGU68VoDyr3dMQdpXGo1G1EgoQ40MFofVx3gmNM00mz6QLApvantUcHd~_UNJIgPq7gKP4I60DBEmDs3fyVn~%3B~_Iclc1HQil77OYEl5wXx~%3BY43B6OFW1Msp8BlEO4iL7IWFIEo05Q8p4k25Yyp6UuX0kXLXVjHZt5ySXMY7WSj9WLVXC5ClwxpoQcx316nOFXQcfr0zuPs8p9aMLTu542RNja19FB9OODgRlkhg~%3BYSsKW417feXGAUi4oOWrLLfYdD19O2WMusEIIdikQaEWnC63ZhThHd0W7O6AvKKIQ2YzBdVml6A82ruMuPLwLHYtvH4kfLnwJOjSLJO817ujCswA711YFpzIOlNpyFDheGbwQ7fqB1zwfeOlYScEEBYC~_CfSOdgi2g~_NnwriAY94eX~_e9uqByzsoFrPha0QsROjaPRDfh3F7BIHOAFNVnXQI3HZ9eGShDLH4YRFapA3FpNqKGwFIGBlk5yDFfSNLcYjEDJL0725ExIkzMXSjNuzAS2~_NQKU5JJ0j3mdPpyGEKAX1~%3BVpLCsWc2e4K7fCVljQ7hHVQ2lburFHMrnNtEW162ZSV25Ypg5u7OXCW26aWnWOI8vgu7MndXRmCr03VF5ZQc8~%3BaQ4m5Ig1KWIbFfnPslfbBwV2OilMVSlsAsnwk9~%3B3RfksgxIhkrkhChFbyShLdDopTFUqZNXWSDw5ovYmFiCIVDmGUg0EoYXGddbLpQmMKa~_1SSV19iXoStXQdWuJIKB4nsQZI4e4wiihuGg5zzPHMhJpeilL5~_4KjJbZiE0j17AmdPkQAr7OTC4WzLMV8mEgTYmq0uKWtlkry3ZQXyIRvcAUGotGDllaG~%3BBojb3Mj4LKv9lez5u5Dg30ULOHQ5oJQj1gCDIBg07rFd4o37NPY~_xTm6~%3B5bVMMuDBD9oxR~_0bDS~%3Bsfkbp9MurcaYKse0HY4pHZvz6zZHrGNi0doEzTQEq98XIsmWwjf2kf4PlWfMmA~-~-.bps.a.2173368669566048.1073742885.1424461334456789&amp;type=1\" target=\"_blank\" rel=\"noreferrer noopener\"><strong><strong>4\u00e8me partie <code><b class=\"wp-svg-images images\"><\/b><\/code><\/strong><\/strong> <\/a><\/p>\n<\/div>\n\n\n\n<div class=\"wp-block-column is-layout-flow wp-block-column-is-layout-flow\">\n<p><a href=\"https:\/\/www.facebook.com\/media\/set\/?set=ms.c.eJxNWNux5TAI62iHhwHTf2M7Qdfi~%3BDIxBiEEjmm5X73dkacs~%3BhkMrTD4M~%3Bix21f1~%3BBncxG5X232Ga5~%3BhZj5DZpqr6XNqpZ~%3BBVXhLj~_Ha~_0Liu0WO00d9ccSpZzg2Tr3~%3BDEdsvtDnw3u~_0Pu~_8LrzhSdzQbb1AjtWcyQO40Bg9ZxGne~_Inxe6B67NDd1w5F2rRz7DOfqO6BxJeUe07mRbxMN9ArvvSADkWpDlwgdBtonUgumbw8Aj5VMXZqs1dTlCw9GprRDkGyglq9~_OQj2npyeOoxsH8GjiUcj20HAnjs5YTD9D1kO9pD5DELHw810rW33wNGx9DKWElDrwcenD5KIuvnFMYK48MhDqFjsmOQ8mhyPBI1YgfxHkGMPtZzC1qS1J5zEcM3vZRgYo1cw2p9hk8gkZkJM954LaLj9wxBi6gzC61UcD~_YPQEmW4QafoKMbhDkqxctrjo7R47cW1D~%3BUP88ijN8mPBD8Wj8k2u2lIGPjFnVvSWOyBsJoQmkE~%3BUmgYfni8I3oKTGahDNdSDMwFBrY6Gsi3gUKhMLzFweRVKUforL4dBEZ10APEkoHVQc9tpEPL42yxGKfFvlV36AdL6YN6r3yCUoeU0oCgNL9IXMvKaQ5AQoVRsLBYfTuQYGFgVxE6nV6g3nR6oQ5bSkDoC~_EpGIh6gIXN2RDT2Rk0JPRUKfQAWQlySA8LdxQYlD~_eIWecVHKcBKaH7BG~%3BcLpfQHLYL5FQGHI9FOrQj5YRIznZK1tojxUlSPDPwOkRlGPUIIUG5U6xgylWTG5a~%3BW6ry6AuZOEBLc~_PAfpBrn~_XjlOKUjfUcqepYpo6UQ9o0JYBAssWO0i~%3BmP43nb5bNrkEHpd4KNTSGali4LAbAr1f7P1PWwYgBpYBpzTEQaS8JcEPTuQDLTys7QFxpXesQU8pBqfgY9O~%3ByDZ1DSglCYNFQHhtQLaEgQUgLEIYMah7bvoH6XNY9JTS2eo5hPkmF7~%3BAOGG~%3BfLz9aOn84uYcYc8FcknmkmcgNC4kcUf6nD4yBo~_gnqbdcRov9K~%3B403M~%3BgY1hv7DxkYw0EnFQlFKQ3E7kxi0sdt6PyXLZhHkEoROgmm4wcizB9SDX0xVxvMplCpJ7R~_qOD~_X6laBDkA6ZiJQzu6Zvpdi3hS3n7JbTQ~_3D7SKxbtgaznyxS17dxpF37e1x6lxY2770vXv5cVF9YaQXyXFmx0R6SdyCfij1o6DJSk1urPjGFb9HPmUF9s5Yk2Ijd0yh0pgLin1Y7IJIB30UNgNlV96qcSovuRtzxJu3GAy2cQyTd7UuFOpuoQ6u5ZyrAqWIevb0y~_WmVDItZsIyYNvaLediXz8kzJXh2OEGW0cBMq~%3B1Se4e8kOBOtu0cEvwllK0KSdyKUJnXbIa5A8a0B68JRu7NlfJMse1z3AVTOYOU8Oxo8uxe9GEW4YeFhKxi9ngdJoX2dLHhVNZAwJzBnbD4COJ6ZRBWYYCP65sNzi6gcnFiNLh6~_RTn6E2y3CnPXZ6lAPTQ~_JaYcctxgHElLfgVbAD~_Ca6gdO0Hbnw2VQHTciRVHhInCW~%3Bzu5wWMpKXEuAWtBiRYAgF065KGB69siZW1yWuLiFD6tr6DkqzMVEPpzIPQurNxfW64OpUKQboTtDvy0T6XIM3SDshk~_EptWf08aYt3U6b0JJdlQnDJTxT5Q~%3Bp2fLAKdsoBakzy8aDZQrbLPAe5P8F6NAtrMxX8TXKVDnbtl4ijqfon1Hg~%3BaN3PNnwvnCaZmNXoJjvud9K8lVsgsQ6pYSPjZ0xbW~_1xZUm4b5MSPJHzN9bHxw3nYPQPsTobHBGjfYnqdGGZ8aHQpDvVymTb3Zpo0hHq~_ULfnp2LcxPYNNYPEGTougkV~_2LbN8O~_d~_~_6ilR~%3BNICpwefvHtY2JvZrfMg1e4CLQNQNkPoNYz1K68zzB~%3BjJwLfCvE8SSznTfy99B7BiCmtbkMP~%3BjnqhV9e4rV1yl21BYbLHQ6DSD2VKpVEemTi5aZDd9tNGBmL8fmv5TwL0trjOH4gtwAeTEF6tTCxmgMCn03iq0EuVBsYbFxS~_wt87L4JtESZiJ9i0CrAMJD1MNRF4Y~_kuO1lIKexiLWyEWZS6H6wmvTQBjjkWGyvr8KjR9mwh9mLQWnTgN~_mPF10uLIRWlo5LLUxguYY74Nne3LdcgFh1br~%3BMqSUwRIEelmW8B0OTZ~%3BA~_W8Rm5D5ezyWrRpEQ8~%3Bc4SLc2uCY08t2~_ctJsZsfd5z2TxiUnBKCLEYcZNum6eo2HuKtukE5rl4NLqSbYoyOMtgMaV04xegti~_1DwhTNAAg~%3BjNoQ3LJ5AzqwN9y7fN8E2PPmczyLW~_XasUexHW0NXHtm7dt2JOd1LZ58XkSQq0hDCfhR5dJ33htAuTLMmBDsdeVM8Q~_HySMBYStGQfe2eKMw0eUhNU3R3LK5NANwm74HnxTF96SDQi3Lo7keC32Mc799iFurrC5ILktw0X6RN0PynCIx0WxZZMrMIjK76OFfPK0RYMw7ChsShL9H0eJGIs~-.bps.a.2173381239564791.1073742886.1424461334456789&amp;type=1\" target=\"_blank\" rel=\"noreferrer noopener\"><strong><strong>5\u00e8me partie <code><b class=\"wp-svg-images images\"><\/b><\/code><\/strong><\/strong> <\/a><\/p>\n\n\n\n<p><a href=\"https:\/\/www.facebook.com\/media\/set\/?set=ms.c.eJxNWsmtJTEIzGhkMGCcf2Kjrvou3hWZfafb7XjvddpvbjvrnxNw1y277fEHMPPyrqirFxco8QBW6wOs7geIBsreD7APUMyGBrhYPsABSi6hmOHFAPyAaMaw~%3BV6cASyjYEcoCYCLRhyg1BkueLGP5MCLHkBfsL3~_UA7UX7LHPjCQrwdw6rIlegRe2BbKguhlT~%3BTI7Tf93NSLTzC~%3B0mVXfCiZz1Fx~%3BANESLCiYGf8QtHtvXAHSo0uvmig57kd5KJwcBpoyR5JOXb~_BAxopLx~%3BiZISfS~%3BoYu~_FZwNwh8uCxc6LDyeXEhcrEm0RjQKNJeWW40XUM9BtGMhKnmNYyi~_~_ER~%3BLfgBgKxP6Lr4QlzwUfSQFlxLb3YigdElqlHTL6sFsWCblKJhNvkCOM66kpDYvDhLobAUMtc3R9tIeWTIQMuqIRmQw6BSFsWExuSFqI3DlufxCKP14DdsP0BOWRaL9iLqDxlZ8hCWIlgQ7zIZQIrMGHdWgXbBHxqQYjFx7YswZYzW6QLCV4xewlbbOcrEmxQ582xOFzXyR5~%3BYh0fOIBgFHgG3g4iWbWlDbxyUcoR0K~%3Bt2XJrzzAgCp70ltlVFx6IYjNyzmi8kNTcEqx~_ogqpq8i4De4zk6ewKXsb4VDk7PKaQQ210u7~_9LXeSoSIZUyabGsNw18cGi9F7sSGa2BGuUz3Uf0TyI5B3vxRfIH~_D4qA~_2Ej0Tkq79JL2o2lmq2rVQpSoU67mIIhrshFP5g10s1MWSNM7QcLzYrRdFGiZdgrqc0WUREEMDKOmSg77dQxSAGi6HKCqOX~%3B~_66SkTln0lJ2~_JrRGlhIJ~_m1ftNantHm29WQyWAEFJXwTVJg1ldrFcTBdL22T7Z7Fw5H7XC~%3B5Y~_RHNqae165PDj4x8DrV9KOiNaVcFtgzF0W~%3BJ2UZnq60dxocSKFmUtkTv9QV~%3BTs7VAtG9SihQrtQ8y4smlMWSzh6rXwadimMv5FyEgq7J5VXc2PtzVLr6~%3BjcGfVzOj7MBUNkqoxtUlNqoi0rwcVQYU3s9G2xttD2MIAV~%3Br0N7PKv7Qp9bI1ghYDxyJKXFBLhfimUr9~_vAHjm~_ZXEsFceipC5Ji8NEqp7W5oujF8FYV~_mrBlvFR~%3Bg3KlnXVRTSQFsGqiQNjZKHvu3n2zgYSCwn51i1fbKh6Jc3TESgKKW9ohQBI9t5Ro4VX~_PrFqBQPq1e~_Yx1Ai9Cha1Y2FRhmvNHKBz6bHhuPW3P~%3BlBCVTtOg635A3wV~%3BLPHs3o0epSF0tQgmJsEq~%3Bup3~%3B7aSbjTpq97RNPqS1ZfSW2fs2PTc~%3B48h3b7CdbPhFxXWr0yCjUo7rN6bNvwrZydG4DdJqJJ9SV6QDBXUSr0qPZr42zIoRdJwBZgGwx0twRbG5572RDZdGWJLSb6VmbHQTe1kF8Kvo37fBuXoteP6ABcueG4ISz9jNW~%3BF5oMPmSi~%3BAgGXV7ARG3oonUF48en~%3Blskor8g6zhrjbag8Ta~_CIcrLfcQBduQYCh9ptIXvSjpUYrRQDYGagT~%3BJNAJRvLbtKJ3g~_ir63ELRMtEFLtHaOqLi5w7Vzl3i4AYq8Mee~_yBzI5WZncxtN8gEF2QY7ckvQ3l3vgVnzWRUXJ2Q9J~_O2F0I9bXC6lc~_0vkSHG5DvVVLT8aCCmXHBcmXP4k~%3BZa1D7Am6FDHIgVYECxl0~_NG78uVjFON59F1oJwMdB3xUSX1meomSRsLTS9FIftLTH~_5WEVtv5n~%3B0xYAtcaLwci2BqM6rLhTk9lOctpJs0f5tCROF1p56h6ivB512OdSfe4sorx6ug9bY2uEO0a2z7f7cCAxDSTHLgFPjrOJovn0YAzM1hh4At1jKj~_L0lVR2oeT9BxVaPUrq~_8TZKs14SSbhU4EJympZv7DYTM0bJ7afCEDFWm0aHDW7tGFtwsbEx5abMlija4eJeWayulUcS67WA~_AM4z2l16LL55gzYVmtoJ2AlwAnipC3m9a~%3BcjqKMKdM3w3rl~_~_JceXZGV3aXZozmNnGjCOGa5uupv73Na01bxtLQ3ffWDkpbmwGx25rmg0nD2zZXPWnktNXxi5tJrfBYutNTSKNHxoEGULBWG5dcq6bOL3NfF9F1G00FyuGlUDIA1lw3UC7AcAooqxu6mLxvNv7P6IKuguToyuhrNvEGUJJUhUsX6TNPbQoKTaKy9Cu~_9wKeRc~_ayRyAbXAeDyiOBqJ2thm3ctEpeO8rFHg23eAcAeruK4FhIojwDGSekOAJ3wqgGvtYmi4Qq7emr1~_gDgogFtbXKJHy4AaEJZwV1MJXixwvirMLGKgg2NxItpFqs4sI4ch0SXiF5IqgvJh4IXI~_nlsKlR0jhutMYNW~_Riw4WCqYvZAtF4a0KYke1b38K4Z5ta0rf~%3BfwA1T3PS0LDJU7jrFB7GoTdGUk6wRxOscRxVlQrDdOGm5mkowX2GRqKgxMiB06~%3Br9BvGPWrJ~_4Z1tk~_IKHeg0Fj8NfTvhWZta9pDIfVtoR9RrTxOIx8Z2bkjq459KNwbfhYrblpPUsc5rEvO~%3BsL~_A7ReFC8CqUVzowRvTdK847ruuME7buuOG47Df1dpGclLoqJxMF3c8~%3BMCgJGDlV~%3BTxQcgUSnH9W0mR~_dQU4OCfd9uDgqsrpIT3lzvNVo7m~_deWopwyTOts8HvDanvDbFpwpTom5PSnSMCt1eX~_pulzyUH7~_um0em7OxAgojRhDo0sArQDcWl2F1FKOuVic0Dz4YLZ4VvoBgCimnE3R9rUSLsxbKYrX4J935RRG4cZa2X213A~%3BQOkF~%3BdISPRZXc83rwbPL7B6Bc~%3Bq3vT8AFqvULPUBvheh~%3BRbOtW881gsEfyrFIijHGhRYvbXxRfBEcAdgRHmBG2l8IQCO5Z8ZHqCQpmaSg1afohTMhnN~_aBCgfY5Loq4Kkfim1TFu4ISyRo6mHFpFv4b8vegfGuAiZ6eRqE57ic~_CrW8434cz0FDD4ZU2daWN5LK6lVHJ8jk7UKJqW6lKJS8kS27IxqalKSeSNXmOGZiaOpciKHkh0UeMSK5ee9geHgBULZO9YY89WHJmKUoMNTZ7dl7SGDm4I2~%3BFaV6KLuVq8Yig4ljFF~%3BZz7gBR14mAi~_aVXwpzUFzXvs8t~_io~_io6aolSsdFNhCiO~_5c9OyAOArix1KKlKDrcTi7k74Ez5rYrvBe64MX2~%3BuGfrM8e3zkKOd4SMC1eeKxOe5m3rnUujuVYfzWOXJ5Op61wkTItEdHCtPpIUp99epX0~%3BSVT7~%3BuWBaNrapaOmi12MCueqsN3EjjzH8otjqLm6aV8SVZHuy9uFuullHZvmeTFMmA~%3BbQwPppnRRxr8bzwNggg1NsN9VB1w0XVzs2ecqpC79kvLLPbTp~_KUpx7N6Lp7UfO4f~_EQRmQLgo5~%3B9~_JaXCZ~%3BTDUrOd~_J6KItyvHUll~%3BGo8rr6R~%3BQTXQeiXN9xyE6~%3BwpYLM8zpZ~%3BWvCgDwQioX~%3BkQwdcJcSPXTIwd92y0uPGXp7PKp9b3Q59qvxAHlBUwuOqq32LKw2cv9tEXRX7P4yimJ5nApdIQnhzHWY~_vFphxvjUxOW0dx~_gkGtgM4tPpr82k4RJyTPy8ounTBEhAxNv2uJV~_LeiY0dLHQ9~%3B1cF0bWiTFX0R7vOvp1E6qfAwCNl6bp~_FQS~_~_X~_d14CUXHhsGnKl2~%3BnBMpbaL7DIFHOmBCAUT8ObRpjDwBckhaNPKFd8Eu6~%3BMKereb5tU2ghORoAvYAwGVfcbkIuiOizrxdS1wu4~_OdS5NfzU1fzXHyh8VaNJBRe8tA~_LQYuiqkJy0mwZzhoLtlOofNte5~%3B6Xt2Cg~-~-.bps.a.2172830646286517.1073742883.1424461334456789&amp;type=1\" target=\"_blank\" rel=\"noreferrer noopener\"><strong><strong>6\u00e8me partie <code><b class=\"wp-svg-images images\"><\/b><\/code><\/strong><\/strong> <\/a><\/p>\n<\/div>\n\n\n\n<div class=\"wp-block-column is-layout-flow wp-block-column-is-layout-flow\">\n<p><a href=\"https:\/\/www.facebook.com\/media\/set\/?set=ms.c.eJxNV1myZSEI21EXs7j~%3BjXUdcg3vl1IMIQyaHo882tZX0uWf~%3BQxyM49J0NBl5l3~_M3Tf74RYPsPVz4fn~_Rnq~_Dg9SYN9Pq7cn~_GeuWLn0NAwCJ0eONX1McDCCGxw6H2vHM95Vp1X5oT5nqi5cnoNuEKnEWPY8CNwhQRFDh9ez5ATS9xDg8GwJ3x81IvllIwPW4POiXQacIXhHzAWZOyA5CDJ5wgMDA7hq2~_iJpXVviRPKnWd3gEm5KMFPsjHHZJjkd6C4V2pRvYr98T40AesBdEyUS3~_PXsI~%3BUoOsBWM1EBntC2TqIigAdEKRdeK7FMO3WOwl5eG1pXJbgUfTGUrkAqR6hB0itHeYT1zoUO48TJ3dQhyNxpiYimKv8aHda~%3BhZtbN4JUcwyUfBh~_suWs40TzhkwbX5AlQmCToQ2belzVniuCEPuD0rFM8GyTIJtqgkm9MKssZC~_qlWC~_3UOrNV~_rOK0GkU3N1WXMXFWWsqDaIzmxxTOaaPeieCa6ZWw~_cEJ5A60uG70PQIY52qJDhd0wfO74GCHejTQdS~_gg43SLM6WNCBXUqDNQY2oWwXTSageQaEEtuLHdiCQIrPMvs95l68ROLdEjmKzdH2rWcHgQnrFs0A2EzaPRk2Z4s4DT~_jJNJwyH0nlR61RrmWUq7UabCMr2YL~%3Ba0Xpojy5OU5R2NZRdPTHDnBVeKKRaP5BIbjVH8JZCUvfBLYnwQ~_meYV16yy1DIXgSGejlPMCXfeMrqcCIdPvI~_p4a6rVe3pTENli2npCeV8SRVAgq1liBAfy24tMaH9Po4g8OItKY8QuMZDq6cvdK48jgVkBy9hnlW2fkv5kvuswKNKSmUGsOTVAnGPOdcqeBZYSp1mqOSdT0g2Umy4NmFrnhWKO0zTq~_vU4VT8tHjw~_~%3BzoXcyd2ydgmSnPjRgIIUKTmsN8~_y5ZMwMoqMPhxwYvji0~%3BiZyGeacvDn3nRgfJFmn9dVpXilIKigpm6pUe1q3b5noew~_vaEHJySvTUFRJMhYj7oWls0sVZ3ZJTvhpewLA~_Iqir5~%3BDmsMelKZrmODe4PuATSyXr2CVTNkSA6dBThuCKfbkBqc7b~%3BuiCP9cgVNWZY~%3BTYrLNgKNZ~_zbROpF~_vWDqlkWIUSCsW61AzZGPA8Esp4225cThU3MeRTmgTF9DKcMGK0qkDmAUjGEAO8VvNyb7S3LcMbwWXPZV5Xfi4fDZlKrkz5UxUDCWKCDWiyWao62SIQeh4VtYPxU2XwEwVpQ7DOxSjo7LVJadg0TR8G2ffe8CQ~_urxXEh~%3BlwDwme9ONZRW2BoWyWL9AAHgdX4aHZ~_~%3Bz40n~_FpPe7klptSedeceItARUxw25QippCj6DRGpxb0ERNcko~_vPX8n3tJb3gCW9FGz5BmbgddUlOmemNzm24PKZ4GvVIaP5UrfclWBrp3s2jmLcwWnWM7KUp7kQ6YI9TB8HTk0G~%3B23iH9XqOTAEFcOcT8HJCtJxrNUYZjNCU6xnD371tvXK3z40AXmo6B~_q1MFll6Ns89OtExU~_uTWe3HMFa6jlTIky~_ojBtglY94g2Qgs58ROj5SJ9jD7gRJTSjvOQD~_HmUtkn9tFnMCJx2nZXKn3m69EC97G5hc65XbhByrkVI~_eehE26WhAL0LHluOLAw022GADfw99f49KB2OsyhIAYzMoUFgrOlEQRD4ShvunoiaWlaWAMWo9A68sQWJ4luEHElXUaeAElZwyrO~_GkjH1wsW5MhGc7YnGCQLDNi5cR1MTTn1TORQGGVPog9Pj~_698BLFL5aySdjmSalZau1tzs8LZ5XaRfhEcr2CHMQ7PxETmX70qFU6FV84YcjOnyBzL4yR8rGBGY1L6H~%3B9oyqc~-.bps.a.2173456696223912.1073742888.1424461334456789&amp;type=1\" target=\"_blank\" rel=\"noreferrer noopener\"><strong><strong>7\u00e8me partie <code><b class=\"wp-svg-images images\"><\/b><\/code><\/strong><\/strong> <\/a><\/p>\n<\/div>\n<\/div>\n\n\n\n<p><\/p>\n","protected":false},"excerpt":{"rendered":"<p>Photos \/ Vid\u00e9os Jean-Pierre Battez 3\u00e8me km 19\u00e8me km 1\u00e8re partie 19\u00e8me km 2\u00e8me partie 3\u00e8me kilom\u00e8tre 19\u00e8me kilom\u00e8tre Photos Adilio photo&rsquo;s 1\u00e8re partie 2\u00e8me partie 3\u00e8me partie 4\u00e8me partie 5\u00e8me partie 6\u00e8me partie 7\u00e8me partie<\/p>\n","protected":false},"author":1,"featured_media":0,"parent":0,"menu_order":0,"comment_status":"closed","ping_status":"closed","template":"","meta":{"site-sidebar-layout":"default","site-content-layout":"default","ast-site-content-layout":"","site-content-style":"default","site-sidebar-style":"default","ast-global-header-display":"","ast-banner-title-visibility":"","ast-main-header-display":"","ast-hfb-above-header-display":"","ast-hfb-below-header-display":"","ast-hfb-mobile-header-display":"","site-post-title":"","ast-breadcrumbs-content":"","ast-featured-img":"","footer-sml-layout":"","theme-transparent-header-meta":"default","adv-header-id-meta":"","stick-header-meta":"","header-above-stick-meta":"","header-main-stick-meta":"","header-below-stick-meta":"","astra-migrate-meta-layouts":"","footnotes":""},"_links":{"self":[{"href":"https:\/\/semimarathoncouleeverte.espritrun.fr\/index.php?rest_route=\/wp\/v2\/pages\/70"}],"collection":[{"href":"https:\/\/semimarathoncouleeverte.espritrun.fr\/index.php?rest_route=\/wp\/v2\/pages"}],"about":[{"href":"https:\/\/semimarathoncouleeverte.espritrun.fr\/index.php?rest_route=\/wp\/v2\/types\/page"}],"author":[{"embeddable":true,"href":"https:\/\/semimarathoncouleeverte.espritrun.fr\/index.php?rest_route=\/wp\/v2\/users\/1"}],"replies":[{"embeddable":true,"href":"https:\/\/semimarathoncouleeverte.espritrun.fr\/index.php?rest_route=%2Fwp%2Fv2%2Fcomments&post=70"}],"version-history":[{"count":9,"href":"https:\/\/semimarathoncouleeverte.espritrun.fr\/index.php?rest_route=\/wp\/v2\/pages\/70\/revisions"}],"predecessor-version":[{"id":353,"href":"https:\/\/semimarathoncouleeverte.espritrun.fr\/index.php?rest_route=\/wp\/v2\/pages\/70\/revisions\/353"}],"wp:attachment":[{"href":"https:\/\/semimarathoncouleeverte.espritrun.fr\/index.php?rest_route=%2Fwp%2Fv2%2Fmedia&parent=70"}],"curies":[{"name":"wp","href":"https:\/\/api.w.org\/{rel}","templated":true}]}}