{"id":71,"date":"2021-09-22T16:33:51","date_gmt":"2021-09-22T14:33:51","guid":{"rendered":"http:\/\/semimarathoncouleeverte.espritrun.fr\/?page_id=71"},"modified":"2021-09-25T13:42:08","modified_gmt":"2021-09-25T11:42:08","slug":"photos-2019","status":"publish","type":"page","link":"https:\/\/semimarathoncouleeverte.espritrun.fr\/?page_id=71","title":{"rendered":"Photos 2019"},"content":{"rendered":"\n<div class=\"wp-block-group is-layout-flow wp-block-group-is-layout-flow\"><div class=\"wp-block-group__inner-container\">\n<p class=\"has-ast-global-color-5-color has-ast-global-color-7-background-color has-text-color has-background has-medium-font-size\"><strong>Gazettesports.fr<\/strong><\/p>\n<\/div><\/div>\n\n\n\n<div class=\"wp-block-group is-layout-flow wp-block-group-is-layout-flow\"><div class=\"wp-block-group__inner-container\">\n<div class=\"wp-block-columns is-layout-flex wp-container-core-columns-is-layout-1 wp-block-columns-is-layout-flex\">\n<div class=\"wp-block-column is-layout-flow wp-block-column-is-layout-flow\">\n<div class=\"wp-block-media-text alignwide is-stacked-on-mobile\"><figure class=\"wp-block-media-text__media\"><video controls src=\"https:\/\/semimarathoncouleeverte.espritrun.fr\/wp-content\/uploads\/2021\/09\/10000000_1055871551901908_7581308086132684309_n.mp4\"><\/video><\/figure><div class=\"wp-block-media-text__content\">\n<p class=\"has-small-font-size\"> La 11\u00e8me \u00e9dition de la Coul\u00e9e Verte a eu lieu dimanche 17 mars entre Salou\u00ebl et Neuville-l\u00e8s-Loeuilly. Organis\u00e9 par <a rel=\"noreferrer noopener\" href=\"https:\/\/www.facebook.com\/espritrun?fref=mentions\" target=\"_blank\">Esprit RUN<\/a>, 950 coureurs ont pris le d\u00e9part de ce semi-marathon, et parmi eux athl\u00e8tes et amateurs se sont crois\u00e9s sur la route de la Coul\u00e9e Verte.  <\/p>\n<\/div><\/div>\n<\/div>\n\n\n\n<div class=\"wp-block-column is-layout-flow wp-block-column-is-layout-flow\">\n<div class=\"wp-block-media-text alignwide is-stacked-on-mobile\"><figure class=\"wp-block-media-text__media\"><video controls src=\"https:\/\/semimarathoncouleeverte.espritrun.fr\/wp-content\/uploads\/2021\/09\/177105736_531437441262779_8343980483085734032_n.mp4\"><\/video><\/figure><div class=\"wp-block-media-text__content\">\n<p class=\"has-small-font-size\"> Dimanche 17 mars a eu lieu le semi-marathon annuel de la Coul\u00e9e Verte, un rendez-vous incontournable pour les coureurs de la m\u00e9tropole, qui n\u00e9cessite plusieurs dizaines de b\u00e9n\u00e9voles qui assurent le bon d\u00e9roul\u00e9 et la s\u00e9curit\u00e9 de cette course.  <\/p>\n<\/div><\/div>\n<\/div>\n<\/div>\n<\/div><\/div>\n\n\n\n<p><a href=\"https:\/\/gazettesports.fr\/2019\/03\/19\/athletisme-lalbum-complet-de-la-11eme-edition-de-la-coulee-verte\/\" target=\"_blank\" rel=\"noreferrer noopener\"><strong>Photos Gazettesports<\/strong> <code> <strong><code><b class=\"wp-svg-images images\"><\/b><\/code><\/strong> <\/code> <\/a><\/p>\n\n\n\n<div class=\"wp-block-columns is-layout-flex wp-container-core-columns-is-layout-2 wp-block-columns-is-layout-flex\">\n<div class=\"wp-block-column is-layout-flow wp-block-column-is-layout-flow\"><\/div>\n<\/div>\n\n\n\n<p class=\"has-ast-global-color-5-color has-ast-global-color-7-background-color has-text-color has-background has-medium-font-size\"><strong>Photos Jean Luc Rohaut<\/strong><\/p>\n\n\n\n<div class=\"wp-block-columns is-layout-flex wp-container-core-columns-is-layout-3 wp-block-columns-is-layout-flex\">\n<div class=\"wp-block-column is-layout-flow wp-block-column-is-layout-flow\">\n<p class=\"has-normal-font-size\"><a rel=\"noreferrer noopener\" href=\"https:\/\/photos.google.com\/share\/AF1QipOeQKeSJvdlicoiOIBrl3hCvb-8D3ndQbUnLsINA26NTFzVA2yj9Wm4OQTYV0zcpw?pli=1&amp;key=RU9JWEpOdTBiTTFSeWFYQzM1SDdvVWhQczdxSExB\" target=\"_blank\"><strong>S\u00e9rie 1 <\/strong><\/a><a href=\"https:\/\/photos.google.com\/share\/AF1QipOeQKeSJvdlicoiOIBrl3hCvb-8D3ndQbUnLsINA26NTFzVA2yj9Wm4OQTYV0zcpw?pli=1&amp;key=RU9JWEpOdTBiTTFSeWFYQzM1SDdvVWhQczdxSExB\" target=\"_blank\" rel=\"noreferrer noopener\"><strong><code><b class=\"wp-svg-images images\"><\/b><\/code><\/strong><\/a><\/p>\n<\/div>\n\n\n\n<div class=\"wp-block-column is-layout-flow wp-block-column-is-layout-flow\">\n<p><strong><a href=\"https:\/\/photos.google.com\/share\/AF1QipORf4i6Wqs_6OYUuj2GrfEztWzRlJhv34zp24dx9FnYSpIdqux0O6cigmN3buI_aQ?key=V28zTHZ2MURHSVgwTkVXNlBlRzhvM0VSNU1WSWd3\" target=\"_blank\" rel=\"noreferrer noopener\">S\u00e9rie 2 <code><b class=\"wp-svg-images images\"><\/b><\/code><\/a><\/strong><\/p>\n\n\n\n<p><a href=\"https:\/\/photos.google.com\/share\/AF1QipNPFZGgJb86cX0p6dc0twT_IW7ZwkwyddFLaXJ_TlSMosz_Vo0Qc9Gb4DZa-RjWJA?key=amtMRUQ0VUJkS1plb1RycEZjYVNxNUJ3SG55YTlB\"><\/a><a href=\"https:\/\/photos.google.com\/share\/AF1QipO6svOtd4qNcQ9r5MlZaFW08VCqkm2anNzM2Sc0JcKWKQi9yUVjpztoN9HMCrcWPA?key=eEdUbjVEWjl3WlBhbWkzY05rZ3NzNEJuWGRGeER3\"><\/a><\/p>\n<\/div>\n\n\n\n<div class=\"wp-block-column is-layout-flow wp-block-column-is-layout-flow\">\n<p><strong><a href=\"https:\/\/photos.google.com\/share\/AF1QipPyWtuml1HbTI6IGDKEA2JSqRYeQ0Ww3JftaNMWVPD6830TBNaJPy1BaMg_7ktR-Q?key=QTNoYUxnc2RkVHF2Vi1RbFU0X3pHNUFJaFUtUktn\" target=\"_blank\" rel=\"noreferrer noopener\">S\u00e9rie 3 <code><b class=\"wp-svg-images images\"><\/b><\/code><\/a><\/strong><\/p>\n<\/div>\n<\/div>\n\n\n\n<p class=\"has-ast-global-color-5-color has-ast-global-color-7-background-color has-text-color has-background has-medium-font-size\"><strong>Photos Adilio photo&rsquo;s<\/strong><\/p>\n\n\n\n<div class=\"wp-block-columns is-layout-flex wp-container-core-columns-is-layout-4 wp-block-columns-is-layout-flex\">\n<div class=\"wp-block-column is-layout-flow wp-block-column-is-layout-flow\">\n<p><a href=\"https:\/\/www.facebook.com\/pg\/adiliophotos\/photos\/?tab=album&amp;album_id=2473321296237449&amp;__tn__=-UC-R\" target=\"_blank\" rel=\"noreferrer noopener\"><strong>D\u00e9part <\/strong><\/a><a rel=\"noreferrer noopener\" href=\"https:\/\/photos.google.com\/share\/AF1QipOeQKeSJvdlicoiOIBrl3hCvb-8D3ndQbUnLsINA26NTFzVA2yj9Wm4OQTYV0zcpw?pli=1&amp;key=RU9JWEpOdTBiTTFSeWFYQzM1SDdvVWhQczdxSExB\" target=\"_blank\"><strong><code><b class=\"wp-svg-images images\"><\/b><\/code><\/strong><\/a><\/p>\n\n\n\n<p><strong><a rel=\"noreferrer noopener\" href=\"https:\/\/www.facebook.com\/pg\/adiliophotos\/photos\/?tab=album&amp;album_id=2473334369569475&amp;__tn__=-UC-R\" target=\"_blank\">1\u00e8re partie <code><b class=\"wp-svg-images images\"><\/b><\/code><\/a><\/strong> <\/p>\n\n\n\n<p><strong><a href=\"https:\/\/www.facebook.com\/pg\/adiliophotos\/photos\/?tab=album&amp;album_id=2473528239550088&amp;__xts__%5B0%5D=68.ARAG60mUTToEnNt2z0-Xa6Ku33bNyEvdurfffPNk9phcbWss-o_gQ81V0aWSr2EABTJyFIAF57eHhPtcu1mWBNcSaWMrxXErPk-clMP2biTEtitHLVfG7SChUoMsmSDEnhzSKE9IBWxk7GKC62wjpuXEJayRHaoykSGe4KZ5t8B0a1cCnJNDOCd9lmNBbJRD702KctqdtIr-X6uy2JEJxM1XkxElh7hbeE_WRx5BrlyZbV1sVw5cul-Vvg9bQMtuHRttfOUpO56TTp0d2ODqoCWWpq88pRUd2LLbXZjzb4Y3_L0fDpP3epajYavFWDC3rYezFmiUdt7ZVCLjS021qDJy0MS4_1d7vmWEP0Qvq8EvnG0cKwHKoJQ9t6r9QdCHLvJAbm4gAOnA9g11i32-noGnoYh1B75dwCZUfPhHGhNSNgwZINpW8P0oIFFYVddMJH7JaZGUMNmj3gUOpURm4r8V8A&amp;__tn__=-UC-R\" target=\"_blank\" rel=\"noreferrer noopener\"><strong><\/strong><\/a><strong><a rel=\"noreferrer noopener\" href=\"https:\/\/photos.google.com\/share\/AF1QipPyWtuml1HbTI6IGDKEA2JSqRYeQ0Ww3JftaNMWVPD6830TBNaJPy1BaMg_7ktR-Q?key=https:\/\/www.facebook.com\/1424461334456789\/photos\/?tab=album&amp;album_id=2473349789567933\" target=\"_blank\">2\u00e8me partie <code><b class=\"wp-svg-images images\"><\/b><\/code><\/a><\/strong><\/strong><\/p>\n<\/div>\n\n\n\n<div class=\"wp-block-column is-layout-flow wp-block-column-is-layout-flow\">\n<p><strong><a rel=\"noreferrer noopener\" href=\"https:\/\/www.facebook.com\/pg\/adiliophotos\/photos\/?tab=album&amp;album_id=2473334369569475&amp;__tn__=-UC-R\" target=\"_blank\"><\/a><a rel=\"noreferrer noopener\" href=\"https:\/\/www.facebook.com\/1424461334456789\/photos\/?tab=album&amp;album_id=2473410769561835\" target=\"_blank\"><strong>3\u00e8me partie <\/strong><\/a><a rel=\"noreferrer noopener\" href=\"https:\/\/photos.google.com\/share\/AF1QipOeQKeSJvdlicoiOIBrl3hCvb-8D3ndQbUnLsINA26NTFzVA2yj9Wm4OQTYV0zcpw?pli=1&amp;key=RU9JWEpOdTBiTTFSeWFYQzM1SDdvVWhQczdxSExB\" target=\"_blank\"><strong><code><b class=\"wp-svg-images images\"><\/b><\/code><\/strong><\/a><\/strong><\/p>\n\n\n\n<p><a rel=\"noreferrer noopener\" href=\"https:\/\/www.facebook.com\/pg\/adiliophotos\/photos\/?tab=album&amp;album_id=2473468746222704&amp;__xts__%5B0%5D=68.ARAw8GFJBaV-Qs7Frh04KZ66pZq-GR95o4XVII-OtZmO7M6xm6ljmTgIeUqVdtSyFmtwpT7AkNZJ41OPYsKZxRG-4KG4icoSGYJFyEi0SROhAuIUD8rD-5wn_N7f5tsW5K3VVSVf6d1WiRW57kLGxmxt2RiQxTOjR3h8CT4I2LPlvWk8Jc3zr_p2DwmkcBCOg_5HfGuNz9rIRuyn3Mqxsu3r51Xk5CPuFRtkT93qn3RDZWZVd5G4O9xlF2Uw2nkPiaR9sr-6UGhhX8LBPyB-l4Tj7LvyHH-uKaFOH6Q70cs92FA7YgRzd5oR5Wv2shSs_u0nLBKnUKdStNSXFk2P3OUQvfK1d1CIXqw7YYPCyB5M6Z0d83SgdqVWLYznkdPt-ZmPnNe3C1kM1P8hLppXssMBXtc0uIvu_rXJ3XmNlddMNX19Jwv42rJy9vhIm-DCMgdB-GQgK9BQYPmQQniBewOoQg&amp;__tn__=-UC-R\" target=\"_blank\"><strong><\/strong><\/a><strong><a rel=\"noreferrer noopener\" href=\"https:\/\/www.facebook.com\/pg\/adiliophotos\/photos\/?tab=album&amp;album_id=2473321296237449&amp;__tn__=-UC-R\" target=\"_blank\"><strong>4\u00e8me partie <\/strong><\/a><a rel=\"noreferrer noopener\" href=\"https:\/\/photos.google.com\/share\/AF1QipOeQKeSJvdlicoiOIBrl3hCvb-8D3ndQbUnLsINA26NTFzVA2yj9Wm4OQTYV0zcpw?pli=1&amp;key=RU9JWEpOdTBiTTFSeWFYQzM1SDdvVWhQczdxSExB\" target=\"_blank\"><strong><code><b class=\"wp-svg-images images\"><\/b><\/code><\/strong><\/a> <\/strong><\/p>\n\n\n\n<p><a rel=\"noreferrer noopener\" href=\"https:\/\/www.facebook.com\/pg\/adiliophotos\/photos\/?tab=album&amp;album_id=2473542082882037&amp;__xts__%5B0%5D=68.ARDCmYs6FtHGW8OXEd7wfWB4bNWN1SvfMruu5vnlJO5yM5Gc-bUbwrHcl65dy8PpHIZDV2r_Wwi1LYAYNE3XGfobXhFR84hf0fU1SMoxDPXRKyK_EdLnTUCwsjwIQ0A1iJx-3qTAZBNPA-VLcyax8YXpi0VuZV6YA38bx4BXH1iYm2EoWXuNvRGWzrKh1pQqecdVMT7o3rsWQG20Q46SRi8XZXB953zKggquFc_zbxLLWqLDZWIVN0j9O4vEv6xWMpvzKbeBjUza0FDA7BemfcckyvY0AG4OKBIvx4iHBaDf628JDk45OAnbf2Vc4fAIGfqjR5Q5BSNE59hAKaKQzcYC5TGXuw24PQSA4Ra1il0eL0fRJxohi6Frw86KPpvyW_gpsZZ5Lx34voaeyEFglqeAg-pzb47WeW8pDZEeoI4ZCuBQ4WzLlQbVOhi94TV51o2BXyB-OAB9AFflpfHIL34CjA&amp;__tn__=-UC-R\" target=\"_blank\"><strong><\/strong><\/a><strong><a rel=\"noreferrer noopener\" href=\"https:\/\/www.facebook.com\/pg\/adiliophotos\/photos\/?tab=album&amp;album_id=2473468746222704&amp;__xts__%5B0%5D=68.ARAw8GFJBaV-Qs7Frh04KZ66pZq-GR95o4XVII-OtZmO7M6xm6ljmTgIeUqVdtSyFmtwpT7AkNZJ41OPYsKZxRG-4KG4icoSGYJFyEi0SROhAuIUD8rD-5wn_N7f5tsW5K3VVSVf6d1WiRW57kLGxmxt2RiQxTOjR3h8CT4I2LPlvWk8Jc3zr_p2DwmkcBCOg_5HfGuNz9rIRuyn3Mqxsu3r51Xk5CPuFRtkT93qn3RDZWZVd5G4O9xlF2Uw2nkPiaR9sr-6UGhhX8LBPyB-l4Tj7LvyHH-uKaFOH6Q70cs92FA7YgRzd5oR5Wv2shSs_u0nLBKnUKdStNSXFk2P3OUQvfK1d1CIXqw7YYPCyB5M6Z0d83SgdqVWLYznkdPt-ZmPnNe3C1kM1P8hLppXssMBXtc0uIvu_rXJ3XmNlddMNX19Jwv42rJy9vhIm-DCMgdB-GQgK9BQYPmQQniBewOoQg&amp;__tn__=-UC-R\" target=\"_blank\"><strong>5\u00e8me partie <\/strong><\/a><a rel=\"noreferrer noopener\" href=\"https:\/\/photos.google.com\/share\/AF1QipOeQKeSJvdlicoiOIBrl3hCvb-8D3ndQbUnLsINA26NTFzVA2yj9Wm4OQTYV0zcpw?pli=1&amp;key=RU9JWEpOdTBiTTFSeWFYQzM1SDdvVWhQczdxSExB\" target=\"_blank\"><strong><code><b class=\"wp-svg-images images\"><\/b><\/code><\/strong><\/a> <\/strong><\/p>\n\n\n\n<p><a href=\"https:\/\/photos.google.com\/share\/AF1QipNPFZGgJb86cX0p6dc0twT_IW7ZwkwyddFLaXJ_TlSMosz_Vo0Qc9Gb4DZa-RjWJA?key=amtMRUQ0VUJkS1plb1RycEZjYVNxNUJ3SG55YTlB\"><\/a><a href=\"https:\/\/photos.google.com\/share\/AF1QipO6svOtd4qNcQ9r5MlZaFW08VCqkm2anNzM2Sc0JcKWKQi9yUVjpztoN9HMCrcWPA?key=eEdUbjVEWjl3WlBhbWkzY05rZ3NzNEJuWGRGeER3\"><\/a><\/p>\n<\/div>\n\n\n\n<div class=\"wp-block-column is-layout-flow wp-block-column-is-layout-flow\">\n<p><a href=\"https:\/\/www.facebook.com\/media\/set\/?set=ms.c.eJxNWFcOHUEIu1FEL~%3Be~%3BWPRw1pNfCxiqYdeiPUVVy3Sj~_o~%3B9A2IzrfcBbjOlbh9gAOwBUBmqWAKoD3C8EpTwPBsqBAoSNBp6EhIE7CScRiMAUCLxivGVtPMjl4ADGAJ7KkqJEgCUqItW5nMsUn42ovSTaKgIVdoBJAHk47neC4DRjt0r5QSQ0xfLykkkjS5Ukip7~_fD58mGC8GUJ5Em0E2gAXyym57pXEqifjdoHDADaQLGLxTbbc0wJuAKgY94HMGPml4~%3BqLx8WyLo8YM4x~%3BxrGUIZiGQLFDhbbMmwmdxlc6akkbVSexDygD2g61leG8iZQJ1F8pZFC4StzPVZGG3NZt5exGQB8dvFsUGWRZP1UXOA658Xl5sWYMReoiDMfjXx8WXdFxuipKxxj00X9fMueJHAzpyxl1JxEN20csOxTt5sG44i5XW2TA~_R~_Ri2KwJ4NIRCX5NklcEk2p~_uxkKBKIhZjxhIJIks58pEvHwWVl~_SCRDwJuE5ScgxycpC9oUIO8j5C0ef6IJZ8QEOCsQxeeZ7u9YeyLUP0bNCxENSlWRfQuJLGQ6~%3B5hxkLDHJwkMNgI2nDEgDbwa4th1wYKGU8LkQplaUMhwonO1DbYW0jrpOjGVycSi9VGgQbdL3h2Gtt0GeQPvtoa4a01XpZT~%3Buy3nbjoeMEIKH~%3BSZwNskMMCIU2Apz89kvshS~_kvgAFCym4Pc9o0PW9fDQzlnJ~_tC~_B6w8hJycmOxh~_akJFCCCFpJw0A8Bo40hJawgg2mcDS9y5xBPVb1a~%3B87ow9gsuHWQgVEGxm8XudKh8hco4dhCnp0eH~_fZLYokLk5zgdecAZd4rb~_F0XmsrV2OWQoKeFoLj~%3BZGYbOdkZysA5gNLXLjEG~_QYJMe8UZ~%3BlqOct8SzyaU4AYCkx6s5Rz9Wz8bK~_UEmqoGGKDVM3~_7Oc~%3BS6DYyw2eExJF3V7f5Z7vxTPki5KL8nGWEqhwljK4JgpgTqJ5BA2~_qPZ~%3BI3qc0eVXcOU8lm~%3BuhjXSSOn~%3BfzwgkQSQNY5L3Vn4CwpuLA9kjYadYkXC5p~%3B2fyVxx9rLPZc1oPk2IvguD16ERzD~%3B22T37PDZ~%3BeifUdv71Vf9alcoYxGRzCmpM~_qgFFmvfBKM3wU216xG7XlVBZOluTJUkjyW6811~%3Bz28jEFCaNjGDFOQ~_2RtLEdRpAxrsa6~_zST66QWxWb1W87TedUX0DiL3XIpTJ5fjT5963UAyCv2McwMGWb2gBryGHa2smHWfzZ0mdO9ptOlH~_vXMEV22JGT4HodvYx1MWM6AD6VMfAHe2xwOL~%3BtMWDc9~_0xhmkIRusOgI7doaj73TAqctEmL9hxvPLRhcr12G9JUQJ9yoaZwCtOT7GinSt64tpBuG9~%3BHP8DkjZA0v6CK4EEM1ZwLOgYdrZx3w5IWkjS09dS~%3BH5RuaX16xhKXG2FtZ2GH8VXwEGvC2fQHy84zL4nVbDEk0t8bu~%3BP20CDA97jNR1skLVX4DptLObFOS8LTi5y8ioK9TmmEvDDaQNr3o35SFSfh8AabAxt5N0Oym~_PxR3kvIN~_3~_A~%3BgJ8JG302Kj4b91Uwya~_CxTVuy4yB~_fVjfpUOADQKtjSy5SZGzOhYoS5K1~%3Bd3GE18XKhyfKrz8anqsZQOWWrvxJ~%3B3HbWFefnKoIoy6FcG1ftK0vnCV8VxpV9OVTHZwcneBhkEVe4baCKpcqf1BLlwGwzDEdtG~_CJUwbP6bBwZBMlg50ppz49BcGyH31X8s8EfAAsuTHLh4tywpOsgA~%3B3IQDUEQHJMFfwhBI4u8iMD1Ts2tYuVuz9GyW8xFUcHvdl3lPI1TCh6~%3BfPjd9Ne4zI4rHkyvyr6tP~%3BrU9hQ2qgCwIZJeMpCyX3g6bAdZNDJRcdw02mxC7EreeOqLEhJ~_y8em~_9D.bps.a.2473501032886142&amp;type=1&amp;__xts__[0]=68.ARDA2qiBts1JWcbH52tj7LBpPHQpC4AnHKEkY7D5Sc3iGBcZ4hpPYYdmSPe-5pf9m27Nhatkvx5068LaPbUd68FsJkCx260K-inlhG3e9_xbFTGUy7PTl8xVOF36YvLhaTR3aU9uo_eRLBc7iALB9Vb3gzmC3scPcGG0p6NzDf4D6uU5QDtwiYvi6PFzZ28FmGQN2jzTpfd6dWKKqqbf36O_FzNSIB9oZFWD_7UpBHSbpDqVx8A0IaUCx4aD60n8ZVJAKyYdInt44nEY8VMMM7v4KztPK4UUQ_yDSyy6sTWHcc-zzh96OCHElSjSKcIe4CYDomk_I7T-AoMsVl8s4rMp1EKx9VY6OCqBpr6r6xsy1sHIKnijZfObxZSkmJ0OqBU0b6GVT9BmHcMN4L8h2ZGftcM57z5iOurwDVf0RJBkemOwn23m1-2kb3inZUZW8AK6m8uYOcrF5GO_6hC2eknFDA&amp;__tn__=HH-R\" target=\"_blank\" rel=\"noreferrer noopener\"><strong>6\u00e8me partie <\/strong><\/a><a rel=\"noreferrer noopener\" href=\"https:\/\/photos.google.com\/share\/AF1QipOeQKeSJvdlicoiOIBrl3hCvb-8D3ndQbUnLsINA26NTFzVA2yj9Wm4OQTYV0zcpw?pli=1&amp;key=RU9JWEpOdTBiTTFSeWFYQzM1SDdvVWhQczdxSExB\" target=\"_blank\"><strong><code><b class=\"wp-svg-images images\"><\/b><\/code><\/strong><\/a>  <\/p>\n\n\n\n<p><a rel=\"noreferrer noopener\" href=\"https:\/\/www.facebook.com\/pg\/adiliophotos\/photos\/?tab=album&amp;album_id=2473514329551479&amp;__xts__%5B0%5D=68.ARBzA2DNasVCG1UXRMITgu_Qs2uIr2flqcsDDLz6bzuMvIg08QjQCHoQFzYb15XClmxT1p7dmdfqRtW72zqbSWUjxgLnTDo-BtNqSEpOstB6j9NErioM0YlbSbHt0-PE5aFU8dfE9k-z5TsPqbqCgXdVzo7ptv01ABAdasyvE_gI0ob4TSLwOjKlYf1UmM-vfInaMbkk0MRbxdJ78OrjhjB-1x3NNgBWH8Pu6jN6mnLqlF_cYtDvCHg-nWw9LGkVsqXclzpAmvu-VL3pPY4BFvu9kUayevQU-APrTbMzi_BzdAxJz6Bhyj2b54rQbuh_P7NNN3egvcd3rPvVd_iWh2VuQy-GiCZ5Sq9mmfNLQxzS-WuseNhUGbCjo3hRpbFYVZaIZJp819rIsbdn-umrlD7DUT7wQv8wBbkairEmDDv_2h8e0O83RPuzzEVnrt7diO53njCgg8wgzV5k1MerXt7UQA&amp;__tn__=-UC-R\" target=\"_blank\"><strong>7\u00e8me partie <code><b class=\"wp-svg-images images\"><\/b><\/code><\/strong><\/a><\/p>\n\n\n\n<p><strong><a rel=\"noreferrer noopener\" href=\"https:\/\/www.facebook.com\/pg\/adiliophotos\/photos\/?tab=album&amp;album_id=2473528239550088&amp;__xts__%5B0%5D=68.ARAG60mUTToEnNt2z0-Xa6Ku33bNyEvdurfffPNk9phcbWss-o_gQ81V0aWSr2EABTJyFIAF57eHhPtcu1mWBNcSaWMrxXErPk-clMP2biTEtitHLVfG7SChUoMsmSDEnhzSKE9IBWxk7GKC62wjpuXEJayRHaoykSGe4KZ5t8B0a1cCnJNDOCd9lmNBbJRD702KctqdtIr-X6uy2JEJxM1XkxElh7hbeE_WRx5BrlyZbV1sVw5cul-Vvg9bQMtuHRttfOUpO56TTp0d2ODqoCWWpq88pRUd2LLbXZjzb4Y3_L0fDpP3epajYavFWDC3rYezFmiUdt7ZVCLjS021qDJy0MS4_1d7vmWEP0Qvq8EvnG0cKwHKoJQ9t6r9QdCHLvJAbm4gAOnA9g11i32-noGnoYh1B75dwCZUfPhHGhNSNgwZINpW8P0oIFFYVddMJH7JaZGUMNmj3gUOpURm4r8V8A&amp;__tn__=-UC-R\" target=\"_blank\">8\u00e8me partie <code><b class=\"wp-svg-images images\"><\/b><\/code><\/a><\/strong><a rel=\"noreferrer noopener\" href=\"https:\/\/www.facebook.com\/pg\/adiliophotos\/photos\/?tab=album&amp;album_id=2473514329551479&amp;__xts__%5B0%5D=68.ARBzA2DNasVCG1UXRMITgu_Qs2uIr2flqcsDDLz6bzuMvIg08QjQCHoQFzYb15XClmxT1p7dmdfqRtW72zqbSWUjxgLnTDo-BtNqSEpOstB6j9NErioM0YlbSbHt0-PE5aFU8dfE9k-z5TsPqbqCgXdVzo7ptv01ABAdasyvE_gI0ob4TSLwOjKlYf1UmM-vfInaMbkk0MRbxdJ78OrjhjB-1x3NNgBWH8Pu6jN6mnLqlF_cYtDvCHg-nWw9LGkVsqXclzpAmvu-VL3pPY4BFvu9kUayevQU-APrTbMzi_BzdAxJz6Bhyj2b54rQbuh_P7NNN3egvcd3rPvVd_iWh2VuQy-GiCZ5Sq9mmfNLQxzS-WuseNhUGbCjo3hRpbFYVZaIZJp819rIsbdn-umrlD7DUT7wQv8wBbkairEmDDv_2h8e0O83RPuzzEVnrt7diO53njCgg8wgzV5k1MerXt7UQA&amp;__tn__=-UC-R\" target=\"_blank\"><\/a><\/p>\n<\/div>\n\n\n\n<div class=\"wp-block-column is-layout-flow wp-block-column-is-layout-flow\">\n<p><a rel=\"noreferrer noopener\" href=\"https:\/\/www.facebook.com\/1424461334456789\/photos\/?tab=album&amp;album_id=2473410769561835\" target=\"_blank\"><\/a><a rel=\"noreferrer noopener\" href=\"https:\/\/www.facebook.com\/pg\/adiliophotos\/photos\/?tab=album&amp;album_id=2473542082882037&amp;__xts__%5B0%5D=68.ARDCmYs6FtHGW8OXEd7wfWB4bNWN1SvfMruu5vnlJO5yM5Gc-bUbwrHcl65dy8PpHIZDV2r_Wwi1LYAYNE3XGfobXhFR84hf0fU1SMoxDPXRKyK_EdLnTUCwsjwIQ0A1iJx-3qTAZBNPA-VLcyax8YXpi0VuZV6YA38bx4BXH1iYm2EoWXuNvRGWzrKh1pQqecdVMT7o3rsWQG20Q46SRi8XZXB953zKggquFc_zbxLLWqLDZWIVN0j9O4vEv6xWMpvzKbeBjUza0FDA7BemfcckyvY0AG4OKBIvx4iHBaDf628JDk45OAnbf2Vc4fAIGfqjR5Q5BSNE59hAKaKQzcYC5TGXuw24PQSA4Ra1il0eL0fRJxohi6Frw86KPpvyW_gpsZZ5Lx34voaeyEFglqeAg-pzb47WeW8pDZEeoI4ZCuBQ4WzLlQbVOhi94TV51o2BXyB-OAB9AFflpfHIL34CjA&amp;__tn__=-UC-R\" target=\"_blank\"><strong>9\u00e8me partie <code><b class=\"wp-svg-images images\"><\/b><\/code><\/strong><\/a><\/p>\n\n\n\n<p><a rel=\"noreferrer noopener\" href=\"https:\/\/www.facebook.com\/pg\/adiliophotos\/photos\/?tab=album&amp;album_id=2473565942879651&amp;__xts__%5B0%5D=68.ARDqzMv2qJ54_E85RtCvkMgD92WNsbfn7JD6P2yh8_WjR3hwLwOCWZUz24KnGdsrskHJP-DH4XBY4VVjPizAkWTVLf-I1_zRv0fCgwwzmOn9ss8YKHCTamcFiRGEcHsxyJu-5sYzWkI_7oUJpgMh1Q6oJz1FvttBI9Q8aROSdl938JzTgpban2amcrYapzioyGvzDqHq7AFxMxxgXwAc9kIWbHtJK05D4yZfkcvdBmzJVPSwa2qNa998pKS46jVXe58vF_sBKZoG2Tl0saHydLeKLW-Ugr-9L9GELcMKZKTv2D-5hOGaCMj36Hp-UEFRNM0GeRZxRVxtl4IIH6fGuK2x6Nm1h7qFa932dm6j8LVBtLs6IWKpMnsCXsV7pZ_8cdfuLJgDHqm4OrtLfL3rgiIpdhU1cbym5cQ4JArvVcFtfVowffxKkCGsmEm_MJ-teQoogfgVlNmaag0YR0me5wE1cA&amp;__tn__=-UC-R\" target=\"_blank\"><strong>10\u00e8me partie <code><b class=\"wp-svg-images images\"><\/b><\/code><\/strong> <\/a>  <\/p>\n\n\n\n<p> <a rel=\"noreferrer noopener\" href=\"https:\/\/www.facebook.com\/pg\/adiliophotos\/photos\/?tab=album&amp;album_id=2473575486212030&amp;__xts__%5B0%5D=68.ARCkhN6-yXaPjyPurgenlTBV0KJG5RXvyrXRSGtRyVIbCXjA0C-ssQ0Ww3edVr5w_kpitbyhpFnTaNy9SdfXKxzDPyCcEu1GI4H_kpyCCxsA6OjXYjrJ9XCRCfdjFlrj0oHosNd81_mRleM1WlJpovI6W2pOn0_qmg927-OarH4acWAzDz_5wTgklIOq_aziniNuNP2IVV8cdygluWHZKYcXk2Gp6cHM1PlWoETPHZI1SWD4hmkTRAd0TgRceJDZXCHOA4psDkaTF4NcSxcpKSzxXgPZM8uJvTbvHtyIFfJMzWbnMF6DwRYfmnP2TtafDgeUtK_QYCnYChV_p4P2WqhCMYjtF276tfba0BnxU8jkw6PHc-PNp2OVCyOkqaw3OOuwW3uE71aGw3Pctctuz19JsbeiL3U1a0CR0B6A4cjKFce4RfWDL242Xen78VtvRvhUx7x0Ugn-rB2lKvCn13lRSQ&amp;__tn__=-UC-R\" target=\"_blank\"><strong>P<\/strong><\/a><a rel=\"noreferrer noopener\" href=\"https:\/\/www.facebook.com\/pg\/adiliophotos\/photos\/?tab=album&amp;album_id=2473575486212030&amp;__xts__%5B0%5D=68.ARCkhN6-yXaPjyPurgenlTBV0KJG5RXvyrXRSGtRyVIbCXjA0C-ssQ0Ww3edVr5w_kpitbyhpFnTaNy9SdfXKxzDPyCcEu1GI4H_kpyCCxsA6OjXYjrJ9XCRCfdjFlrj0oHosNd81_mRleM1WlJpovI6W2pOn0_qmg927-OarH4acWAzDz_5wTgklIOq_aziniNuNP2IVV8cdygluWHZKYcXk2Gp6cHM1PlWoETPHZI1SWD4hmkTRAd0TgRceJDZXCHOA4psDkaTF4NcSxcpKSzxXgPZM8uJvTbvHtyIFfJMzWbnMF6DwRYfmnP2TtafDgeUtK_QYCnYChV_p4P2WqhCMYjtF276tfba0BnxU8jkw6PHc-PNp2OVCyOkqaw3OOuwW3uE71aGw3Pctctuz19JsbeiL3U1a0CR0B6A4cjKFce4RfWDL242Xen78VtvRvhUx7x0Ugn-rB2lKvCn13lRSQ&amp;__tn__=-UC-R\" target=\"_blank\"><strong>o<\/strong><\/a><a rel=\"noreferrer noopener\" href=\"https:\/\/www.facebook.com\/pg\/adiliophotos\/photos\/?tab=album&amp;album_id=2473575486212030&amp;__xts__%5B0%5D=68.ARCkhN6-yXaPjyPurgenlTBV0KJG5RXvyrXRSGtRyVIbCXjA0C-ssQ0Ww3edVr5w_kpitbyhpFnTaNy9SdfXKxzDPyCcEu1GI4H_kpyCCxsA6OjXYjrJ9XCRCfdjFlrj0oHosNd81_mRleM1WlJpovI6W2pOn0_qmg927-OarH4acWAzDz_5wTgklIOq_aziniNuNP2IVV8cdygluWHZKYcXk2Gp6cHM1PlWoETPHZI1SWD4hmkTRAd0TgRceJDZXCHOA4psDkaTF4NcSxcpKSzxXgPZM8uJvTbvHtyIFfJMzWbnMF6DwRYfmnP2TtafDgeUtK_QYCnYChV_p4P2WqhCMYjtF276tfba0BnxU8jkw6PHc-PNp2OVCyOkqaw3OOuwW3uE71aGw3Pctctuz19JsbeiL3U1a0CR0B6A4cjKFce4RfWDL242Xen78VtvRvhUx7x0Ugn-rB2lKvCn13lRSQ&amp;__tn__=-UC-R\" target=\"_blank\"><strong>d<\/strong><\/a><a rel=\"noreferrer noopener\" href=\"https:\/\/www.facebook.com\/pg\/adiliophotos\/photos\/?tab=album&amp;album_id=2473575486212030&amp;__xts__%5B0%5D=68.ARCkhN6-yXaPjyPurgenlTBV0KJG5RXvyrXRSGtRyVIbCXjA0C-ssQ0Ww3edVr5w_kpitbyhpFnTaNy9SdfXKxzDPyCcEu1GI4H_kpyCCxsA6OjXYjrJ9XCRCfdjFlrj0oHosNd81_mRleM1WlJpovI6W2pOn0_qmg927-OarH4acWAzDz_5wTgklIOq_aziniNuNP2IVV8cdygluWHZKYcXk2Gp6cHM1PlWoETPHZI1SWD4hmkTRAd0TgRceJDZXCHOA4psDkaTF4NcSxcpKSzxXgPZM8uJvTbvHtyIFfJMzWbnMF6DwRYfmnP2TtafDgeUtK_QYCnYChV_p4P2WqhCMYjtF276tfba0BnxU8jkw6PHc-PNp2OVCyOkqaw3OOuwW3uE71aGw3Pctctuz19JsbeiL3U1a0CR0B6A4cjKFce4RfWDL242Xen78VtvRvhUx7x0Ugn-rB2lKvCn13lRSQ&amp;__tn__=-UC-R\" target=\"_blank\"><strong>i<\/strong><\/a><a rel=\"noreferrer noopener\" href=\"https:\/\/www.facebook.com\/pg\/adiliophotos\/photos\/?tab=album&amp;album_id=2473575486212030&amp;__xts__%5B0%5D=68.ARCkhN6-yXaPjyPurgenlTBV0KJG5RXvyrXRSGtRyVIbCXjA0C-ssQ0Ww3edVr5w_kpitbyhpFnTaNy9SdfXKxzDPyCcEu1GI4H_kpyCCxsA6OjXYjrJ9XCRCfdjFlrj0oHosNd81_mRleM1WlJpovI6W2pOn0_qmg927-OarH4acWAzDz_5wTgklIOq_aziniNuNP2IVV8cdygluWHZKYcXk2Gp6cHM1PlWoETPHZI1SWD4hmkTRAd0TgRceJDZXCHOA4psDkaTF4NcSxcpKSzxXgPZM8uJvTbvHtyIFfJMzWbnMF6DwRYfmnP2TtafDgeUtK_QYCnYChV_p4P2WqhCMYjtF276tfba0BnxU8jkw6PHc-PNp2OVCyOkqaw3OOuwW3uE71aGw3Pctctuz19JsbeiL3U1a0CR0B6A4cjKFce4RfWDL242Xen78VtvRvhUx7x0Ugn-rB2lKvCn13lRSQ&amp;__tn__=-UC-R\" target=\"_blank\"><strong>u<\/strong><\/a><a href=\"https:\/\/www.facebook.com\/pg\/adiliophotos\/photos\/?tab=album&amp;album_id=2473575486212030&amp;__xts__%5B0%5D=68.ARCkhN6-yXaPjyPurgenlTBV0KJG5RXvyrXRSGtRyVIbCXjA0C-ssQ0Ww3edVr5w_kpitbyhpFnTaNy9SdfXKxzDPyCcEu1GI4H_kpyCCxsA6OjXYjrJ9XCRCfdjFlrj0oHosNd81_mRleM1WlJpovI6W2pOn0_qmg927-OarH4acWAzDz_5wTgklIOq_aziniNuNP2IVV8cdygluWHZKYcXk2Gp6cHM1PlWoETPHZI1SWD4hmkTRAd0TgRceJDZXCHOA4psDkaTF4NcSxcpKSzxXgPZM8uJvTbvHtyIFfJMzWbnMF6DwRYfmnP2TtafDgeUtK_QYCnYChV_p4P2WqhCMYjtF276tfba0BnxU8jkw6PHc-PNp2OVCyOkqaw3OOuwW3uE71aGw3Pctctuz19JsbeiL3U1a0CR0B6A4cjKFce4RfWDL242Xen78VtvRvhUx7x0Ugn-rB2lKvCn13lRSQ&amp;__tn__=-UC-R\" target=\"_blank\" rel=\"noreferrer noopener\"><strong>m<\/strong><\/a><a rel=\"noreferrer noopener\" href=\"https:\/\/www.facebook.com\/pg\/adiliophotos\/photos\/?tab=album&amp;album_id=2473575486212030&amp;__xts__%5B0%5D=68.ARCkhN6-yXaPjyPurgenlTBV0KJG5RXvyrXRSGtRyVIbCXjA0C-ssQ0Ww3edVr5w_kpitbyhpFnTaNy9SdfXKxzDPyCcEu1GI4H_kpyCCxsA6OjXYjrJ9XCRCfdjFlrj0oHosNd81_mRleM1WlJpovI6W2pOn0_qmg927-OarH4acWAzDz_5wTgklIOq_aziniNuNP2IVV8cdygluWHZKYcXk2Gp6cHM1PlWoETPHZI1SWD4hmkTRAd0TgRceJDZXCHOA4psDkaTF4NcSxcpKSzxXgPZM8uJvTbvHtyIFfJMzWbnMF6DwRYfmnP2TtafDgeUtK_QYCnYChV_p4P2WqhCMYjtF276tfba0BnxU8jkw6PHc-PNp2OVCyOkqaw3OOuwW3uE71aGw3Pctctuz19JsbeiL3U1a0CR0B6A4cjKFce4RfWDL242Xen78VtvRvhUx7x0Ugn-rB2lKvCn13lRSQ&amp;__tn__=-UC-R\" target=\"_blank\"><strong> <code><b class=\"wp-svg-images images\"><\/b><\/code><\/strong> <\/a> <\/p>\n<\/div>\n<\/div>\n\n\n\n<p class=\"has-ast-global-color-5-color has-ast-global-color-7-background-color has-text-color has-background has-medium-font-size\"><strong>Photos \/ Vid\u00e9os Jean-Pierre Battez <\/strong><\/p>\n\n\n\n<div class=\"wp-block-columns is-layout-flex wp-container-core-columns-is-layout-5 wp-block-columns-is-layout-flex\">\n<div class=\"wp-block-column is-layout-flow wp-block-column-is-layout-flow\">\n<p> <strong><a rel=\"noreferrer noopener\" href=\"https:\/\/www.facebook.com\/pg\/adiliophotos\/photos\/?tab=album&amp;album_id=2473334369569475&amp;__tn__=-UC-R\" target=\"_blank\">1\u00e8re partie <code><b class=\"wp-svg-images images\"><\/b><\/code><\/a><\/strong><\/p>\n\n\n\n<p><a rel=\"noreferrer noopener\" href=\"https:\/\/photos.google.com\/share\/AF1QipMwdUUAFTa0rgHZQiuHUHdiI7rfghvGeGiHZSgJq2ZkoV0r6UCCs44i8nQcYvBlcg?key=ckg3azFkYXhwdW9XWnFzUzdLQ1NGQzJmTFByZDR3\" target=\"_blank\"><strong>2\u00e8me partie <code><b class=\"wp-svg-images images\"><\/b><\/code><\/strong><\/a><\/p>\n<\/div>\n\n\n\n<div class=\"wp-block-column is-layout-flow wp-block-column-is-layout-flow\">\n<p><a href=\"https:\/\/m.youtube.com\/watch?v=HpdZxVz4u68\" target=\"_blank\" rel=\"noreferrer noopener\"><strong>3\u00e8me kilom\u00e8tre <code><b class=\"wp-svg-film film\"><\/b><\/code><\/strong><\/a><\/p>\n\n\n\n<p><strong> <a href=\"http:\/\/3\u00e8me kilom\u00e8tre &lt;&quot;b&quot; class=&quot;wp-svg-&quot;film&quot; &quot;film&quot;&quot;&gt;&lt;\/&quot;b&quot;&gt;\" target=\"_blank\" rel=\"noreferrer noopener\">19\u00e8me kilom\u00e8tre <code><b class=\"wp-svg-film film\"><\/b><\/code> <\/a><\/strong><\/p>\n<\/div>\n<\/div>\n","protected":false},"excerpt":{"rendered":"<p>Gazettesports.fr La 11\u00e8me \u00e9dition de la Coul\u00e9e Verte a eu lieu dimanche 17 mars entre Salou\u00ebl et Neuville-l\u00e8s-Loeuilly. Organis\u00e9 par Esprit RUN, 950 coureurs ont pris le d\u00e9part de ce semi-marathon, et parmi eux athl\u00e8tes et amateurs se sont crois\u00e9s sur la route de la Coul\u00e9e Verte. Dimanche 17 mars a eu lieu le semi-marathon &hellip;<\/p>\n<p class=\"read-more\"> <a class=\"\" href=\"https:\/\/semimarathoncouleeverte.espritrun.fr\/?page_id=71\"> <span class=\"screen-reader-text\">Photos 2019<\/span> Lire la suite\u00a0\u00bb<\/a><\/p>\n","protected":false},"author":1,"featured_media":0,"parent":0,"menu_order":0,"comment_status":"closed","ping_status":"closed","template":"","meta":{"site-sidebar-layout":"default","site-content-layout":"default","ast-site-content-layout":"","site-content-style":"default","site-sidebar-style":"default","ast-global-header-display":"","ast-banner-title-visibility":"","ast-main-header-display":"","ast-hfb-above-header-display":"","ast-hfb-below-header-display":"","ast-hfb-mobile-header-display":"","site-post-title":"","ast-breadcrumbs-content":"","ast-featured-img":"","footer-sml-layout":"","theme-transparent-header-meta":"default","adv-header-id-meta":"","stick-header-meta":"","header-above-stick-meta":"","header-main-stick-meta":"","header-below-stick-meta":"","astra-migrate-meta-layouts":"","footnotes":""},"_links":{"self":[{"href":"https:\/\/semimarathoncouleeverte.espritrun.fr\/index.php?rest_route=\/wp\/v2\/pages\/71"}],"collection":[{"href":"https:\/\/semimarathoncouleeverte.espritrun.fr\/index.php?rest_route=\/wp\/v2\/pages"}],"about":[{"href":"https:\/\/semimarathoncouleeverte.espritrun.fr\/index.php?rest_route=\/wp\/v2\/types\/page"}],"author":[{"embeddable":true,"href":"https:\/\/semimarathoncouleeverte.espritrun.fr\/index.php?rest_route=\/wp\/v2\/users\/1"}],"replies":[{"embeddable":true,"href":"https:\/\/semimarathoncouleeverte.espritrun.fr\/index.php?rest_route=%2Fwp%2Fv2%2Fcomments&post=71"}],"version-history":[{"count":26,"href":"https:\/\/semimarathoncouleeverte.espritrun.fr\/index.php?rest_route=\/wp\/v2\/pages\/71\/revisions"}],"predecessor-version":[{"id":449,"href":"https:\/\/semimarathoncouleeverte.espritrun.fr\/index.php?rest_route=\/wp\/v2\/pages\/71\/revisions\/449"}],"wp:attachment":[{"href":"https:\/\/semimarathoncouleeverte.espritrun.fr\/index.php?rest_route=%2Fwp%2Fv2%2Fmedia&parent=71"}],"curies":[{"name":"wp","href":"https:\/\/api.w.org\/{rel}","templated":true}]}}