{"id":788,"date":"2022-03-20T19:20:30","date_gmt":"2022-03-20T18:20:30","guid":{"rendered":"https:\/\/semimarathoncouleeverte.espritrun.fr\/?page_id=788"},"modified":"2022-03-21T11:32:06","modified_gmt":"2022-03-21T10:32:06","slug":"photos-2022","status":"publish","type":"page","link":"https:\/\/semimarathoncouleeverte.espritrun.fr\/?page_id=788","title":{"rendered":"Photos 2022"},"content":{"rendered":"\n<p class=\"has-ast-global-color-5-color has-ast-global-color-7-background-color has-text-color has-background has-medium-font-size\"><strong>Vid\u00e9o du d\u00e9part<\/strong><\/p>\n\n\n\n<figure class=\"wp-block-video\"><video controls src=\"https:\/\/semimarathoncouleeverte.espritrun.fr\/wp-content\/uploads\/2022\/03\/video-depart-2022.mp4\"><\/video><figcaption>Vid\u00e9o du d\u00e9part<\/figcaption><\/figure>\n\n\n\n<p class=\"has-ast-global-color-5-color has-ast-global-color-7-background-color has-text-color has-background has-medium-font-size\"><strong>Photos de Jean Luc Rohaut<\/strong><\/p>\n\n\n\n<div class=\"wp-block-columns is-layout-flex wp-container-core-columns-is-layout-1 wp-block-columns-is-layout-flex\">\n<div class=\"wp-block-column is-layout-flow wp-block-column-is-layout-flow\">\n<p><strong><a href=\"https:\/\/l.facebook.com\/l.php?u=https%3A%2F%2Fphotos.app.goo.gl%2FkNk9JuEsRrMFskGs8%3Ffbclid%3DIwAR1QtXfJLsPdCsWkw1LQ-aGbrRB46lnVCFSySGBhoOTZjaZ8b04GM9jOBTY&amp;h=AT171N_2K23zZ8TIWNSypjAgPuHdrOpcNMoU2NWr0eidxxC3cztD5NNuGI9HifJbFK36XTsJ_wH37zzgBgcur4LvTRA1DdJJAHxirnKhzVJcT4qultE8nReSw89usv5pf7Nd&amp;__tn__=-UK-R&amp;c[0]=AT04n2kF7_soPVNEu5DXLUWlR0xCajHHeqD08FmyGTlw4UqzFodIt6L-3DjzRfkm5WZ2GJSXhbVrvnRmlfXvqxagoIRg59Vr0W3fXIV8xIFDrqO9_fQiJV3VWf7pbaDTXgP8_0nNPQnt7ZGM-2E5_TygNsmz-7zlxnaRRfQ7HNzra4M\" target=\"_blank\" rel=\"noreferrer noopener\">S\u00e9rie 1 <code><b class=\"wp-svg-images images\"><\/b><\/code><\/a><\/strong><\/p>\n<\/div>\n\n\n\n<div class=\"wp-block-column is-layout-flow wp-block-column-is-layout-flow\">\n<p><strong><a href=\"https:\/\/l.facebook.com\/l.php?u=https%3A%2F%2Fphotos.app.goo.gl%2FuUMZYc2daDAu2SYGA%3Ffbclid%3DIwAR3gVPFCjA7HG_BtPdiuaX5eqTu7dpUhAGaQGhKnL7efIuSkixdX8qdPdYU&amp;h=AT2cWs1u5Gsybw6yOCgv8T14YiebMzsGk26XjDsQO0s9ENFpf-MF5ZxkPMQAEAMc83RrajlKIYzw47mrqsHxO7e2iLF6SFXTQZTHz3b8tB3ScO1s2_Spu_9QYcdQ_y2g7Byl&amp;__tn__=-UK-R&amp;c[0]=AT1Fc-E06fsDylvDCfnavsHVPU9NexNCi-n7AtWfzjwGxy9Mjp4fQK1O2nporN_RIvMpyB0PIQCHJmJN86tr5-Rvn60thBm1Gfdwav47vs-JKI4fmEkpH-M3biWGJBr2XnfjQznVaFYfT_4lkId1ZwFk6zf8kqfZybTuV34mbSTpa2M\" target=\"_blank\" rel=\"noreferrer noopener\">S\u00e9rie 2 <code><b class=\"wp-svg-images images\"><\/b><\/code><\/a><\/strong><\/p>\n<\/div>\n\n\n\n<div class=\"wp-block-column is-layout-flow wp-block-column-is-layout-flow\">\n<p><strong><a href=\"https:\/\/l.facebook.com\/l.php?u=https%3A%2F%2Fphotos.app.goo.gl%2FNBfAAA5PnLp9s1CY9%3Ffbclid%3DIwAR1F40lSek2PEau-M8uibodJr7JDyMh-gm-MwleUz226e2fjH5ILZ9fNFlI&amp;h=AT3al7UIMF0ONILigmeOkuBI3wrpn6yHGpbLZucu5k3l-7h12GhKbK8msC4eGrfnyCRSdFkQSF0c9hdgn67S1VWuhXfgZ0uIkgjDw1BIdbBxLdzlLl80ADXZ6V612qBBAfp6&amp;__tn__=-UK-R&amp;c[0]=AT38orTTt9AOTGnBFC3ng-zG_FFIjZSS1D62Zaxi-YQe_V4OuTGa-EwUXOii2LNx99rn4qucsgwY_wbnDSqN3JMwR4KF7DAjnxpKl9FLIvZ7i-1VIkj6S-O6mVEkjASAu8_zMYeRaUOe5UTZPEuL5OpvGQq_rD7BbLU6kNuwhuUQ7pI\" target=\"_blank\" rel=\"noreferrer noopener\">S\u00e9rie 3 <code><b class=\"wp-svg-images images\"><\/b><\/code><\/a><\/strong><\/p>\n<\/div>\n<\/div>\n\n\n\n<p class=\"has-ast-global-color-5-color has-ast-global-color-7-background-color has-text-color has-background has-medium-font-size\"><strong><strong>Photos Adilio photo&rsquo;s<\/strong><\/strong><\/p>\n\n\n\n<p>Vous retrouverez les diff\u00e9rentes photos d&rsquo;Adilios Photos sur son site Facebook : <a href=\"https:\/\/www.facebook.com\/adiliophotos\/\">https:\/\/www.facebook.com\/adiliophotos\/<\/a><br>&#8211; Photos du d\u00e9part<br>&#8211; Photos au 4\u00e8me Km<br>&#8211; Photos au 18 \u00e8me Km<\/p>\n\n\n\n<p class=\"has-ast-global-color-5-color has-ast-global-color-7-background-color has-text-color has-background has-medium-font-size\"><strong>Photos <strong><strong>de Jean Philippe<\/strong><\/strong><\/strong> <strong><strong>BOUTILLIER <\/strong><\/strong><\/p>\n\n\n\n<div class=\"wp-block-columns is-layout-flex wp-container-core-columns-is-layout-2 wp-block-columns-is-layout-flex\">\n<div class=\"wp-block-column is-layout-flow wp-block-column-is-layout-flow\">\n<p><a href=\"https:\/\/photos.app.goo.gl\/Xo8hZBqtySLmHUcQ6\" target=\"_blank\" rel=\"noreferrer noopener\"><strong>4\u00e8me Km<\/strong> <strong>S\u00e9rie 1 <code><b class=\"wp-svg-images images\"><\/b><\/code><\/strong><\/a><\/p>\n\n\n\n<p><a href=\"https:\/\/photos.app.goo.gl\/DsvVGyfZj2encPJf7\" target=\"_blank\" rel=\"noreferrer noopener\"><strong>4\u00e8me Km<\/strong> <strong>S\u00e9rie 2 <code><b class=\"wp-svg-images images\"><\/b><\/code><\/strong><\/a><\/p>\n<\/div>\n\n\n\n<div class=\"wp-block-column is-layout-flow wp-block-column-is-layout-flow\">\n<p><a href=\"https:\/\/photos.app.goo.gl\/roeUPTcQQHLqXoux9\" target=\"_blank\" rel=\"noreferrer noopener\"><strong>17\u00e8me Km<\/strong> <strong>S\u00e9rie 1 <code><b class=\"wp-svg-images images\"><\/b><\/code><\/strong><\/a><\/p>\n\n\n\n<p><a href=\"https:\/\/photos.app.goo.gl\/FDf2is43K4QYv3Aw7\" target=\"_blank\" rel=\"noreferrer noopener\"><strong>17\u00e8me Km<\/strong> <strong>S\u00e9rie 2 <code><b class=\"wp-svg-images images\"><\/b><\/code><\/strong><\/a><\/p>\n<\/div>\n\n\n\n<div class=\"wp-block-column is-layout-flow wp-block-column-is-layout-flow\">\n<p><strong><a rel=\"noreferrer noopener\" href=\"https:\/\/l.facebook.com\/l.php?u=https%3A%2F%2Fphotos.app.goo.gl%2FkNk9JuEsRrMFskGs8%3Ffbclid%3DIwAR1QtXfJLsPdCsWkw1LQ-aGbrRB46lnVCFSySGBhoOTZjaZ8b04GM9jOBTY&amp;h=AT171N_2K23zZ8TIWNSypjAgPuHdrOpcNMoU2NWr0eidxxC3cztD5NNuGI9HifJbFK36XTsJ_wH37zzgBgcur4LvTRA1DdJJAHxirnKhzVJcT4qultE8nReSw89usv5pf7Nd&amp;__tn__=-UK-R&amp;c[0]=AT04n2kF7_soPVNEu5DXLUWlR0xCajHHeqD08FmyGTlw4UqzFodIt6L-3DjzRfkm5WZ2GJSXhbVrvnRmlfXvqxagoIRg59Vr0W3fXIV8xIFDrqO9_fQiJV3VWf7pbaDTXgP8_0nNPQnt7ZGM-2E5_TygNsmz-7zlxnaRRfQ7HNzra4M\" target=\"_blank\">17\u00e8m<\/a><\/strong><a href=\"https:\/\/photos.app.goo.gl\/QHAm5kPxqhLAhBiu7\" target=\"_blank\" rel=\"noreferrer noopener\"><strong>e Km<\/strong> <strong>S\u00e9rie 3 <code><b class=\"wp-svg-images images\"><\/b><\/code><\/strong><\/a><\/p>\n<\/div>\n<\/div>\n\n\n\n<p class=\"has-ast-global-color-5-color has-ast-global-color-7-background-color has-text-color has-background has-medium-font-size\"><strong>Photos de Laurent Herbert<\/strong><\/p>\n\n\n\n<p><strong><a href=\"https:\/\/photos.app.goo.gl\/tQSHTuSKWqxLgyZv5\" target=\"_blank\" rel=\"noreferrer noopener\">Les photos de Laurent Herbert <code><b class=\"wp-svg-images images\"><\/b><\/code><\/a><\/strong><\/p>\n","protected":false},"excerpt":{"rendered":"<p>Vid\u00e9o du d\u00e9part Photos de Jean Luc Rohaut S\u00e9rie 1 S\u00e9rie 2 S\u00e9rie 3 Photos Adilio photo&rsquo;s Vous retrouverez les diff\u00e9rentes photos d&rsquo;Adilios Photos sur son site Facebook : https:\/\/www.facebook.com\/adiliophotos\/&#8211; Photos du d\u00e9part&#8211; Photos au 4\u00e8me Km&#8211; Photos au 18 \u00e8me Km Photos de Jean Philippe BOUTILLIER 4\u00e8me Km S\u00e9rie 1 4\u00e8me Km S\u00e9rie 2 &hellip;<\/p>\n<p class=\"read-more\"> <a class=\"\" href=\"https:\/\/semimarathoncouleeverte.espritrun.fr\/?page_id=788\"> <span class=\"screen-reader-text\">Photos 2022<\/span> Lire la suite\u00a0\u00bb<\/a><\/p>\n","protected":false},"author":1,"featured_media":0,"parent":0,"menu_order":0,"comment_status":"closed","ping_status":"closed","template":"","meta":{"site-sidebar-layout":"default","site-content-layout":"","ast-site-content-layout":"","site-content-style":"default","site-sidebar-style":"default","ast-global-header-display":"","ast-banner-title-visibility":"","ast-main-header-display":"","ast-hfb-above-header-display":"","ast-hfb-below-header-display":"","ast-hfb-mobile-header-display":"","site-post-title":"","ast-breadcrumbs-content":"","ast-featured-img":"","footer-sml-layout":"","theme-transparent-header-meta":"","adv-header-id-meta":"","stick-header-meta":"","header-above-stick-meta":"","header-main-stick-meta":"","header-below-stick-meta":"","astra-migrate-meta-layouts":"","footnotes":""},"_links":{"self":[{"href":"https:\/\/semimarathoncouleeverte.espritrun.fr\/index.php?rest_route=\/wp\/v2\/pages\/788"}],"collection":[{"href":"https:\/\/semimarathoncouleeverte.espritrun.fr\/index.php?rest_route=\/wp\/v2\/pages"}],"about":[{"href":"https:\/\/semimarathoncouleeverte.espritrun.fr\/index.php?rest_route=\/wp\/v2\/types\/page"}],"author":[{"embeddable":true,"href":"https:\/\/semimarathoncouleeverte.espritrun.fr\/index.php?rest_route=\/wp\/v2\/users\/1"}],"replies":[{"embeddable":true,"href":"https:\/\/semimarathoncouleeverte.espritrun.fr\/index.php?rest_route=%2Fwp%2Fv2%2Fcomments&post=788"}],"version-history":[{"count":10,"href":"https:\/\/semimarathoncouleeverte.espritrun.fr\/index.php?rest_route=\/wp\/v2\/pages\/788\/revisions"}],"predecessor-version":[{"id":1251,"href":"https:\/\/semimarathoncouleeverte.espritrun.fr\/index.php?rest_route=\/wp\/v2\/pages\/788\/revisions\/1251"}],"wp:attachment":[{"href":"https:\/\/semimarathoncouleeverte.espritrun.fr\/index.php?rest_route=%2Fwp%2Fv2%2Fmedia&parent=788"}],"curies":[{"name":"wp","href":"https:\/\/api.w.org\/{rel}","templated":true}]}}