{"id":80,"date":"2021-09-22T16:33:52","date_gmt":"2021-09-22T14:33:52","guid":{"rendered":"http:\/\/semimarathoncouleeverte.espritrun.fr\/?page_id=80"},"modified":"2021-09-23T17:37:30","modified_gmt":"2021-09-23T15:37:30","slug":"2019-2","status":"publish","type":"page","link":"https:\/\/semimarathoncouleeverte.espritrun.fr\/?page_id=80","title":{"rendered":"2019"},"content":{"rendered":"\n<p class=\"has-ast-global-color-5-color has-text-color\"><\/p>\n\n\n\n<p class=\"has-ast-global-color-5-color has-ast-global-color-7-background-color has-text-color has-background has-medium-font-size\"><a href=\"https:\/\/semimarathoncouleeverte.espritrun.fr\/wp-content\/uploads\/2021\/09\/SALOUEL-2019-avec-temps-reels.pdf\" target=\"_blank\" rel=\"noreferrer noopener\"><strong>R\u00e9sultats 2019<\/strong>  <b class=\"wp-svg-download-3 download-3\"><\/b><\/a> <\/p>\n\n\n\n<p class=\"has-ast-global-color-5-color has-ast-global-color-7-background-color has-text-color has-background has-medium-font-size\"><a href=\"https:\/\/semimarathoncouleeverte.espritrun.fr\/wp-content\/uploads\/2021\/09\/SALOUEL-2019-par-equipes.pdf\" target=\"_blank\" rel=\"noreferrer noopener\"><strong>R\u00e9sultats par \u00e9quipe 2019<\/strong>  <b class=\"wp-svg-download-3 download-3\"><\/b><\/a> <\/p>\n","protected":false},"excerpt":{"rendered":"<p>R\u00e9sultats 2019 R\u00e9sultats par \u00e9quipe 2019<\/p>\n","protected":false},"author":1,"featured_media":0,"parent":0,"menu_order":0,"comment_status":"closed","ping_status":"closed","template":"","meta":{"site-sidebar-layout":"default","site-content-layout":"default","ast-site-content-layout":"","site-content-style":"default","site-sidebar-style":"default","ast-global-header-display":"","ast-banner-title-visibility":"","ast-main-header-display":"","ast-hfb-above-header-display":"","ast-hfb-below-header-display":"","ast-hfb-mobile-header-display":"","site-post-title":"","ast-breadcrumbs-content":"","ast-featured-img":"","footer-sml-layout":"","theme-transparent-header-meta":"default","adv-header-id-meta":"","stick-header-meta":"","header-above-stick-meta":"","header-main-stick-meta":"","header-below-stick-meta":"","astra-migrate-meta-layouts":"","footnotes":""},"_links":{"self":[{"href":"https:\/\/semimarathoncouleeverte.espritrun.fr\/index.php?rest_route=\/wp\/v2\/pages\/80"}],"collection":[{"href":"https:\/\/semimarathoncouleeverte.espritrun.fr\/index.php?rest_route=\/wp\/v2\/pages"}],"about":[{"href":"https:\/\/semimarathoncouleeverte.espritrun.fr\/index.php?rest_route=\/wp\/v2\/types\/page"}],"author":[{"embeddable":true,"href":"https:\/\/semimarathoncouleeverte.espritrun.fr\/index.php?rest_route=\/wp\/v2\/users\/1"}],"replies":[{"embeddable":true,"href":"https:\/\/semimarathoncouleeverte.espritrun.fr\/index.php?rest_route=%2Fwp%2Fv2%2Fcomments&post=80"}],"version-history":[{"count":14,"href":"https:\/\/semimarathoncouleeverte.espritrun.fr\/index.php?rest_route=\/wp\/v2\/pages\/80\/revisions"}],"predecessor-version":[{"id":285,"href":"https:\/\/semimarathoncouleeverte.espritrun.fr\/index.php?rest_route=\/wp\/v2\/pages\/80\/revisions\/285"}],"wp:attachment":[{"href":"https:\/\/semimarathoncouleeverte.espritrun.fr\/index.php?rest_route=%2Fwp%2Fv2%2Fmedia&parent=80"}],"curies":[{"name":"wp","href":"https:\/\/api.w.org\/{rel}","templated":true}]}}

<p class="has-ast-global-color-5-color has-text-color"></p>



<p class="has-ast-global-color-5-color has-ast-global-color-7-background-color has-text-color has-background has-medium-font-size"><a href="https://semimarathoncouleeverte.espritrun.fr/wp-content/uploads/2021/09/SALOUEL-2019-avec-temps-reels.pdf" target="_blank" rel="noreferrer noopener"><strong>Résultats 2019</strong>  <b class="wp-svg-download-3 download-3"></b></a> </p>



<p class="has-ast-global-color-5-color has-ast-global-color-7-background-color has-text-color has-background has-medium-font-size"><a href="https://semimarathoncouleeverte.espritrun.fr/wp-content/uploads/2021/09/SALOUEL-2019-par-equipes.pdf" target="_blank" rel="noreferrer noopener"><strong>Résultats par équipe 2019</strong>  <b class="wp-svg-download-3 download-3"></b></a> </p>

<p>Résultats 2019 Résultats par équipe 2019</p>
