{"id":812,"date":"2022-03-21T12:10:55","date_gmt":"2022-03-21T11:10:55","guid":{"rendered":"https:\/\/semimarathoncouleeverte.espritrun.fr\/?page_id=812"},"modified":"2022-03-21T12:10:56","modified_gmt":"2022-03-21T11:10:56","slug":"se-preparer","status":"publish","type":"page","link":"https:\/\/semimarathoncouleeverte.espritrun.fr\/?page_id=812","title":{"rendered":"Se pr\u00e9parer"},"content":{"rendered":"\n<p>Le plan de  pr\u00e9paration sera de nouveau publi\u00e9 en amont de l&rsquo;\u00e9dition 2023 du semi-marathon de la coul\u00e9e verte.<\/p>\n","protected":false},"excerpt":{"rendered":"<p>Le plan de pr\u00e9paration sera de nouveau publi\u00e9 en amont de l&rsquo;\u00e9dition 2023 du semi-marathon de la coul\u00e9e verte.<\/p>\n","protected":false},"author":1,"featured_media":0,"parent":0,"menu_order":0,"comment_status":"closed","ping_status":"closed","template":"","meta":{"site-sidebar-layout":"default","site-content-layout":"","ast-site-content-layout":"","site-content-style":"default","site-sidebar-style":"default","ast-global-header-display":"","ast-banner-title-visibility":"","ast-main-header-display":"","ast-hfb-above-header-display":"","ast-hfb-below-header-display":"","ast-hfb-mobile-header-display":"","site-post-title":"","ast-breadcrumbs-content":"","ast-featured-img":"","footer-sml-layout":"","theme-transparent-header-meta":"","adv-header-id-meta":"","stick-header-meta":"","header-above-stick-meta":"","header-main-stick-meta":"","header-below-stick-meta":"","astra-migrate-meta-layouts":"","footnotes":""},"_links":{"self":[{"href":"https:\/\/semimarathoncouleeverte.espritrun.fr\/index.php?rest_route=\/wp\/v2\/pages\/812"}],"collection":[{"href":"https:\/\/semimarathoncouleeverte.espritrun.fr\/index.php?rest_route=\/wp\/v2\/pages"}],"about":[{"href":"https:\/\/semimarathoncouleeverte.espritrun.fr\/index.php?rest_route=\/wp\/v2\/types\/page"}],"author":[{"embeddable":true,"href":"https:\/\/semimarathoncouleeverte.espritrun.fr\/index.php?rest_route=\/wp\/v2\/users\/1"}],"replies":[{"embeddable":true,"href":"https:\/\/semimarathoncouleeverte.espritrun.fr\/index.php?rest_route=%2Fwp%2Fv2%2Fcomments&post=812"}],"version-history":[{"count":1,"href":"https:\/\/semimarathoncouleeverte.espritrun.fr\/index.php?rest_route=\/wp\/v2\/pages\/812\/revisions"}],"predecessor-version":[{"id":813,"href":"https:\/\/semimarathoncouleeverte.espritrun.fr\/index.php?rest_route=\/wp\/v2\/pages\/812\/revisions\/813"}],"wp:attachment":[{"href":"https:\/\/semimarathoncouleeverte.espritrun.fr\/index.php?rest_route=%2Fwp%2Fv2%2Fmedia&parent=812"}],"curies":[{"name":"wp","href":"https:\/\/api.w.org\/{rel}","templated":true}]}}

Se préparer

<p>Le plan de  préparation sera de nouveau publié en amont de l&rsquo;édition 2023 du semi-marathon de la coulée verte.</p>

<p>Le plan de préparation sera de nouveau publié en amont de l&rsquo;édition 2023 du semi-marathon de la coulée verte.</p>
