{"id":842,"date":"2022-12-03T17:12:32","date_gmt":"2022-12-03T16:12:32","guid":{"rendered":"https:\/\/semimarathoncouleeverte.espritrun.fr\/?page_id=842"},"modified":"2023-12-02T13:47:20","modified_gmt":"2023-12-02T12:47:20","slug":"parcours-semi-relais-ess-expertise","status":"publish","type":"page","link":"https:\/\/semimarathoncouleeverte.espritrun.fr\/?page_id=842","title":{"rendered":"Parcours semi-relais ENDRIX"},"content":{"rendered":"\n<p>Le parcours du semi-relais ENDRIX est identique au parcours du semi marathon.<\/p>\n\n\n\n<p>Le relais entre les coureurs se fera au point-relais situ\u00e9 au km 10,7 (demi tour du semi)<\/p>\n\n\n<p class=\"has-text-align-center\" style=\"text-align: center;\"><strong>Distance :21.062 km<\/strong><\/p>\n<p class=\"has-text-align-center\" style=\"text-align: center;\"><strong>D\u00e9nivel\u00e9 positif : 70 m&nbsp;&nbsp;&nbsp;&nbsp;&nbsp;&nbsp;&nbsp;&nbsp;&nbsp;&nbsp;&nbsp;&nbsp;&nbsp;&nbsp; D\u00e9nivel\u00e9 n\u00e9gatif :69 m<\/strong><\/p>\n<p><!-- \/wp:paragraph --><!-- wp:paragraph {\"align\":\"center\"} --><!-- \/wp:paragraph --><!-- wp:paragraph --><!-- \/wp:paragraph --><!-- wp:gallery {\"ids\":[142],\"linkTo\":\"none\",\"sizeSlug\":\"full\",\"align\":\"center\"} --><\/p>\n<figure class=\"wp-block-gallery aligncenter columns-1 is-cropped\"><figcaption class=\"blocks-gallery-caption\"><strong>Lien vers le parcours :<\/strong> <a href=\"https:\/\/www.openrunner.com\/r\/4371328\" target=\"_blank\" rel=\"noreferrer noopener\">https:\/\/www.openrunner.com\/r\/4371328<\/a><\/figcaption><\/figure>\n<p><!-- wp:spacer {\"height\":24} --><\/p>\n<div class=\"wp-block-spacer\" style=\"height: 24px;\" aria-hidden=\"true\">&nbsp;<\/div>\n<p><!-- \/wp:spacer --><\/p>\n<p><!-- wp:gallery {\"ids\":[177,176],\"imageCrop\":false,\"linkTo\":\"file\",\"sizeSlug\":\"full\",\"align\":\"center\"} --><\/p>\n<figure class=\"wp-block-gallery aligncenter columns-2\">\n<ul class=\"blocks-gallery-grid\">\n<li class=\"blocks-gallery-item\">\n<figure><a href=\"https:\/\/semimarathoncouleeverte.espritrun.fr\/wp-content\/uploads\/2021\/09\/Parcours.png\"><img loading=\"lazy\" decoding=\"async\" width=\"768\" height=\"597\" class=\"wp-image-177\" src=\"https:\/\/semimarathoncouleeverte.espritrun.fr\/wp-content\/uploads\/2021\/09\/Parcours.png\" alt=\"\" data-id=\"177\" data-full-url=\"https:\/\/semimarathoncouleeverte.espritrun.fr\/wp-content\/uploads\/2021\/09\/Parcours.png\" data-link=\"https:\/\/semimarathoncouleeverte.espritrun.fr\/?attachment_id=177\" srcset=\"https:\/\/semimarathoncouleeverte.espritrun.fr\/wp-content\/uploads\/2021\/09\/Parcours.png 768w, https:\/\/semimarathoncouleeverte.espritrun.fr\/wp-content\/uploads\/2021\/09\/Parcours-300x233.png 300w\" sizes=\"(max-width: 768px) 100vw, 768px\" \/><\/a><\/figure>\n<\/li>\n<li class=\"blocks-gallery-item\">\n<figure><a href=\"https:\/\/semimarathoncouleeverte.espritrun.fr\/wp-content\/uploads\/2021\/09\/Denivele-parcours-1.png\"><img loading=\"lazy\" decoding=\"async\" width=\"728\" height=\"218\" class=\"wp-image-176\" src=\"https:\/\/semimarathoncouleeverte.espritrun.fr\/wp-content\/uploads\/2021\/09\/Denivele-parcours-1.png\" alt=\"\" data-id=\"176\" data-full-url=\"https:\/\/semimarathoncouleeverte.espritrun.fr\/wp-content\/uploads\/2021\/09\/Denivele-parcours-1.png\" data-link=\"https:\/\/semimarathoncouleeverte.espritrun.fr\/?attachment_id=176\" srcset=\"https:\/\/semimarathoncouleeverte.espritrun.fr\/wp-content\/uploads\/2021\/09\/Denivele-parcours-1.png 728w, https:\/\/semimarathoncouleeverte.espritrun.fr\/wp-content\/uploads\/2021\/09\/Denivele-parcours-1-300x90.png 300w\" sizes=\"(max-width: 728px) 100vw, 728px\" \/><\/a><\/figure>\n<\/li>\n<\/ul>\n<\/figure>\n<p><!-- \/wp:gallery --><\/p>","protected":false},"excerpt":{"rendered":"<p>Le parcours du semi-relais ENDRIX est identique au parcours du semi marathon. Le relais entre les coureurs se fera au point-relais situ\u00e9 au km 10,7 (demi tour du semi) Distance :21.062 km D\u00e9nivel\u00e9 positif : 70 m&nbsp;&nbsp;&nbsp;&nbsp;&nbsp;&nbsp;&nbsp;&nbsp;&nbsp;&nbsp;&nbsp;&nbsp;&nbsp;&nbsp; D\u00e9nivel\u00e9 n\u00e9gatif :69 m Lien vers le parcours : https:\/\/www.openrunner.com\/r\/4371328 &nbsp;<\/p>\n","protected":false},"author":1,"featured_media":0,"parent":0,"menu_order":0,"comment_status":"closed","ping_status":"closed","template":"","meta":{"site-sidebar-layout":"default","site-content-layout":"","ast-site-content-layout":"default","site-content-style":"default","site-sidebar-style":"default","ast-global-header-display":"","ast-banner-title-visibility":"","ast-main-header-display":"","ast-hfb-above-header-display":"","ast-hfb-below-header-display":"","ast-hfb-mobile-header-display":"","site-post-title":"","ast-breadcrumbs-content":"","ast-featured-img":"","footer-sml-layout":"","theme-transparent-header-meta":"","adv-header-id-meta":"","stick-header-meta":"","header-above-stick-meta":"","header-main-stick-meta":"","header-below-stick-meta":"","astra-migrate-meta-layouts":"set","footnotes":""},"_links":{"self":[{"href":"https:\/\/semimarathoncouleeverte.espritrun.fr\/index.php?rest_route=\/wp\/v2\/pages\/842"}],"collection":[{"href":"https:\/\/semimarathoncouleeverte.espritrun.fr\/index.php?rest_route=\/wp\/v2\/pages"}],"about":[{"href":"https:\/\/semimarathoncouleeverte.espritrun.fr\/index.php?rest_route=\/wp\/v2\/types\/page"}],"author":[{"embeddable":true,"href":"https:\/\/semimarathoncouleeverte.espritrun.fr\/index.php?rest_route=\/wp\/v2\/users\/1"}],"replies":[{"embeddable":true,"href":"https:\/\/semimarathoncouleeverte.espritrun.fr\/index.php?rest_route=%2Fwp%2Fv2%2Fcomments&post=842"}],"version-history":[{"count":3,"href":"https:\/\/semimarathoncouleeverte.espritrun.fr\/index.php?rest_route=\/wp\/v2\/pages\/842\/revisions"}],"predecessor-version":[{"id":1091,"href":"https:\/\/semimarathoncouleeverte.espritrun.fr\/index.php?rest_route=\/wp\/v2\/pages\/842\/revisions\/1091"}],"wp:attachment":[{"href":"https:\/\/semimarathoncouleeverte.espritrun.fr\/index.php?rest_route=%2Fwp%2Fv2%2Fmedia&parent=842"}],"curies":[{"name":"wp","href":"https:\/\/api.w.org\/{rel}","templated":true}]}}