{"id":844,"date":"2022-12-03T17:13:52","date_gmt":"2022-12-03T16:13:52","guid":{"rendered":"https:\/\/semimarathoncouleeverte.espritrun.fr\/?page_id=844"},"modified":"2025-01-18T14:58:26","modified_gmt":"2025-01-18T13:58:26","slug":"primes-et-recompenses-2023-semi-relais-ess-expertise","status":"publish","type":"page","link":"https:\/\/semimarathoncouleeverte.espritrun.fr\/?page_id=844","title":{"rendered":"Primes et r\u00e9compenses semi-relais ENDRIX 2025"},"content":{"rendered":"\n<p>La prime attribu\u00e9e si le record de l\u2019\u00e9preuve est battu concerne uniquement le semi-marathon en individuel. Les coureurs du semi-relais ne pourront pas pr\u00e9tendre \u00e0 cette prime.<\/p>\n\n\n\n<div class=\"wp-block-columns is-layout-flex wp-container-core-columns-is-layout-1 wp-block-columns-is-layout-flex\">\n<div class=\"wp-block-column is-layout-flow wp-block-column-is-layout-flow\" style=\"flex-basis:50%\">\n<p><\/p>\n\n\n\n<p class=\"has-text-align-center\"><strong>Seul le 1<sup>er<\/sup> duo de chaque cat\u00e9gorie ci-dessous sera r\u00e9compens\u00e9 par un panier garni.<\/strong><\/p>\n<\/div>\n\n\n\n<div class=\"wp-block-column is-layout-flow wp-block-column-is-layout-flow\" style=\"flex-basis:50%\">\n<div class=\"wp-block-media-text is-stacked-on-mobile\"><figure class=\"wp-block-media-text__media\"><img loading=\"lazy\" decoding=\"async\" width=\"150\" height=\"150\" src=\"https:\/\/semimarathoncouleeverte.espritrun.fr\/wp-content\/uploads\/2023\/03\/panier-garni-150x150.jpg\" alt=\"Photo non contractuelle\" class=\"wp-image-1017 size-full\"\/><\/figure><div class=\"wp-block-media-text__content\">\n<p>Photo non contractuelle<\/p>\n<\/div><\/div>\n<\/div>\n<\/div>\n\n\n\n<p><strong>Les cat\u00e9gories :<\/strong><\/p>\n\n\n\n<ul>\n<li>Duos Homme \/ Homme<\/li>\n\n\n\n<li>Duos Femme \/ Femme<\/li>\n\n\n\n<li>Duos Mixte (Homme \/ Femme)<\/li>\n<\/ul>\n","protected":false},"excerpt":{"rendered":"<p>La prime attribu\u00e9e si le record de l\u2019\u00e9preuve est battu concerne uniquement le semi-marathon en individuel. Les coureurs du semi-relais ne pourront pas pr\u00e9tendre \u00e0 cette prime. Seul le 1er duo de chaque cat\u00e9gorie ci-dessous sera r\u00e9compens\u00e9 par un panier garni. Photo non contractuelle Les cat\u00e9gories :<\/p>\n","protected":false},"author":1,"featured_media":0,"parent":0,"menu_order":0,"comment_status":"closed","ping_status":"closed","template":"","meta":{"site-sidebar-layout":"default","site-content-layout":"","ast-site-content-layout":"default","site-content-style":"default","site-sidebar-style":"default","ast-global-header-display":"","ast-banner-title-visibility":"","ast-main-header-display":"","ast-hfb-above-header-display":"","ast-hfb-below-header-display":"","ast-hfb-mobile-header-display":"","site-post-title":"","ast-breadcrumbs-content":"","ast-featured-img":"","footer-sml-layout":"","theme-transparent-header-meta":"","adv-header-id-meta":"","stick-header-meta":"","header-above-stick-meta":"","header-main-stick-meta":"","header-below-stick-meta":"","astra-migrate-meta-layouts":"set","footnotes":""},"_links":{"self":[{"href":"https:\/\/semimarathoncouleeverte.espritrun.fr\/index.php?rest_route=\/wp\/v2\/pages\/844"}],"collection":[{"href":"https:\/\/semimarathoncouleeverte.espritrun.fr\/index.php?rest_route=\/wp\/v2\/pages"}],"about":[{"href":"https:\/\/semimarathoncouleeverte.espritrun.fr\/index.php?rest_route=\/wp\/v2\/types\/page"}],"author":[{"embeddable":true,"href":"https:\/\/semimarathoncouleeverte.espritrun.fr\/index.php?rest_route=\/wp\/v2\/users\/1"}],"replies":[{"embeddable":true,"href":"https:\/\/semimarathoncouleeverte.espritrun.fr\/index.php?rest_route=%2Fwp%2Fv2%2Fcomments&post=844"}],"version-history":[{"count":13,"href":"https:\/\/semimarathoncouleeverte.espritrun.fr\/index.php?rest_route=\/wp\/v2\/pages\/844\/revisions"}],"predecessor-version":[{"id":1358,"href":"https:\/\/semimarathoncouleeverte.espritrun.fr\/index.php?rest_route=\/wp\/v2\/pages\/844\/revisions\/1358"}],"wp:attachment":[{"href":"https:\/\/semimarathoncouleeverte.espritrun.fr\/index.php?rest_route=%2Fwp%2Fv2%2Fmedia&parent=844"}],"curies":[{"name":"wp","href":"https:\/\/api.w.org\/{rel}","templated":true}]}}